{"id":32,"date":"2023-03-28T13:44:48","date_gmt":"2023-03-28T11:44:48","guid":{"rendered":"https:\/\/websites.artecom.studio\/doublevie\/?page_id=32"},"modified":"2023-05-10T17:39:17","modified_gmt":"2023-05-10T15:39:17","slug":"performance","status":"publish","type":"page","link":"https:\/\/websites.artecom.studio\/doublevie\/performance\/","title":{"rendered":"Performance"},"content":{"rendered":"\n<p class=\"has-text-align-center has-medium-font-size\"><strong>Ces personnages jonglent entre vie priv\u00e9e et vie publique. Leur double vie comprend d\u2019un c\u00f4t\u00e9 leur de vie intime et de l\u2019autre une vie montr\u00e9e sur sc\u00e8ne au grand public, lors de performances.<\/strong><\/p>\n\n\n\n<div class=\"wp-block-columns is-layout-flex wp-container-core-columns-is-layout-d7d455e7 wp-block-columns-is-layout-flex\" style=\"padding-top:0;padding-right:0;padding-bottom:0;padding-left:0\">\n<div class=\"wp-block-column is-layout-flow wp-block-column-is-layout-flow\" style=\"border-style:none;border-width:0px;padding-top:var(--wp--preset--spacing--50);padding-right:var(--wp--preset--spacing--50);padding-bottom:var(--wp--preset--spacing--50);padding-left:var(--wp--preset--spacing--50)\">\n<h2 class=\"wp-block-heading\">Lady Gaga<\/h2>\n\n\n\n<figure class=\"wp-block-image size-large is-resized\"><img loading=\"lazy\" decoding=\"async\" src=\"https:\/\/websites.artecom.studio\/doublevie\/wp-content\/uploads\/sites\/8\/2023\/05\/Screen-Shot-2023-05-10-at-18.26.32-1024x666.png\" alt=\"\" class=\"wp-image-375\" width=\"447\" height=\"290\" srcset=\"https:\/\/websites.artecom.studio\/doublevie\/wp-content\/uploads\/sites\/8\/2023\/05\/Screen-Shot-2023-05-10-at-18.26.32-1024x666.png 1024w, https:\/\/websites.artecom.studio\/doublevie\/wp-content\/uploads\/sites\/8\/2023\/05\/Screen-Shot-2023-05-10-at-18.26.32-300x195.png 300w, https:\/\/websites.artecom.studio\/doublevie\/wp-content\/uploads\/sites\/8\/2023\/05\/Screen-Shot-2023-05-10-at-18.26.32-768x499.png 768w, https:\/\/websites.artecom.studio\/doublevie\/wp-content\/uploads\/sites\/8\/2023\/05\/Screen-Shot-2023-05-10-at-18.26.32-1536x998.png 1536w, https:\/\/websites.artecom.studio\/doublevie\/wp-content\/uploads\/sites\/8\/2023\/05\/Screen-Shot-2023-05-10-at-18.26.32.png 1714w\" sizes=\"auto, (max-width: 447px) 100vw, 447px\" \/><figcaption class=\"wp-element-caption\"><mark class=\"has-inline-color has-ti-bg-color\">MARK SELLIGER<\/mark><\/figcaption><\/figure>\n\n\n\n<p><strong>Derri\u00e8re le glamour et les paillettes de son personnage public, Lady Gaga m\u00e8ne une double vie peu connue de ses fans. Engag\u00e9e dans des causes philanthropiques et militantes, elle tient \u00e0 pr\u00e9server sa vie priv\u00e9e pour mieux g\u00e9rer ses probl\u00e8mes de sant\u00e9 mentale. D\u00e9couvrez l\u2019histoire fascinante de cette ic\u00f4ne pop avant-gardiste qui inspire des millions de personnes \u00e0 travers le monde.<\/strong><\/p>\n\n\n\n<p class=\"has-ti-bg-color has-text-color has-link-color wp-elements-660a87d5204ce53b72913c5f61437f5d\"><a href=\"https:\/\/websites.artecom.studio\/doublevie\/2023\/03\/28\/lady-gaga\/\" data-type=\"URL\" data-id=\"https:\/\/websites.artecom.studio\/doublevie\/2023\/03\/28\/lady-gaga\/\">Lire la suite<\/a><\/p>\n<\/div>\n\n\n\n<div class=\"wp-block-column is-layout-flow wp-block-column-is-layout-flow\" style=\"padding-top:var(--wp--preset--spacing--50);padding-right:var(--wp--preset--spacing--50);padding-bottom:var(--wp--preset--spacing--50);padding-left:var(--wp--preset--spacing--50)\">\n<h2 class=\"wp-block-heading\">M<\/h2>\n\n\n\n<figure class=\"wp-block-image size-full is-resized\"><img loading=\"lazy\" decoding=\"async\" src=\"https:\/\/websites.artecom.studio\/doublevie\/wp-content\/uploads\/sites\/8\/2023\/05\/aeedc51519dd69632d1c55a0530f909a8f2fcbdcccb198e015d6a91e62c74bea.webp\" alt=\"\" class=\"wp-image-377\" width=\"448\" height=\"297\" srcset=\"https:\/\/websites.artecom.studio\/doublevie\/wp-content\/uploads\/sites\/8\/2023\/05\/aeedc51519dd69632d1c55a0530f909a8f2fcbdcccb198e015d6a91e62c74bea.webp 704w, https:\/\/websites.artecom.studio\/doublevie\/wp-content\/uploads\/sites\/8\/2023\/05\/aeedc51519dd69632d1c55a0530f909a8f2fcbdcccb198e015d6a91e62c74bea-300x199.webp 300w\" sizes=\"auto, (max-width: 448px) 100vw, 448px\" \/><figcaption class=\"wp-element-caption\"><mark class=\"has-inline-color has-ti-bg-color\">MATTHEW TOTARO<\/mark><\/figcaption><\/figure>\n\n\n\n<p><strong>\u00ab\u00a0Connaissez-vous la double vie de Mathieu Chedid, l&rsquo;auteur-compositeur-interpr\u00e8te fran\u00e7ais mieux connu sous le nom de \u00ab\u00a0M\u00a0\u00bb? Derri\u00e8re son c\u00e9l\u00e8bre nom de sc\u00e8ne se cache un musicien polyvalent et novateur, qui a su cr\u00e9er un son unique m\u00e9langeant rock, funk et \u00e9lectronique. D\u00e9couvrez l&rsquo;histoire fascinante de cet artiste avant-gardiste, qui a su se cr\u00e9er une identit\u00e9 distincte de son c\u00e9l\u00e8bre p\u00e8re et inspirer des fans \u00e0 travers le monde.\u00a0\u00bb<\/strong><\/p>\n\n\n\n<p class=\"has-ti-bg-color has-text-color has-link-color wp-elements-bc559c210b59a068134b06e18b53d46d\"><a href=\"https:\/\/websites.artecom.studio\/doublevie\/2023\/03\/28\/m\/\" data-type=\"URL\" data-id=\"https:\/\/websites.artecom.studio\/doublevie\/2023\/03\/28\/m\/\">Lire la suite<\/a><\/p>\n<\/div>\n<\/div>\n","protected":false},"excerpt":{"rendered":"<p><strong>Derri\u00e8re le glamour e les paillettes de son personnage public, Lady Gaga m\u00e8ne une double vie peu connue de ses fans. Engag\u00e9e dans des causes philanthropiques et militantes, elle tient \u00e0 pr\u00e9server sa vie priv\u00e9e pour mieux g\u00e9rer ses probl\u00e8mes de sant\u00e9 mentale. D\u00e9couvrez l\u2019histoire fascinante de cette ic\u00f4ne pop avant-gardiste qui inspire des millions de personnes \u00e0 travers le monde.<\/strong><\/p>\n","protected":false},"author":39,"featured_media":0,"parent":0,"menu_order":0,"comment_status":"closed","ping_status":"closed","template":"","meta":{"advgb_blocks_editor_width":"","advgb_blocks_columns_visual_guide":"","footnotes":""},"class_list":["post-32","page","type-page","status-publish","hentry"],"coauthors":[],"author_meta":{"author_link":"https:\/\/websites.artecom.studio\/doublevie\/author\/evam\/","display_name":"evam"},"relative_dates":{"created":"Publi\u00e9 3 ans il y a","modified":"Mis \u00e0 jour 3 ans il y a"},"absolute_dates":{"created":"Publi\u00e9 le 28 mars 2023","modified":"Mise \u00e0 jour le 10 mai 2023"},"absolute_dates_time":{"created":"Publi\u00e9 le 28 mars 2023 13h44","modified":"Mise \u00e0 jour le 10 mai 2023 17h39"},"featured_img_caption":"","featured_img":false,"series_order":"","_links":{"self":[{"href":"https:\/\/websites.artecom.studio\/doublevie\/wp-json\/wp\/v2\/pages\/32","targetHints":{"allow":["GET"]}}],"collection":[{"href":"https:\/\/websites.artecom.studio\/doublevie\/wp-json\/wp\/v2\/pages"}],"about":[{"href":"https:\/\/websites.artecom.studio\/doublevie\/wp-json\/wp\/v2\/types\/page"}],"author":[{"embeddable":true,"href":"https:\/\/websites.artecom.studio\/doublevie\/wp-json\/wp\/v2\/users\/39"}],"replies":[{"embeddable":true,"href":"https:\/\/websites.artecom.studio\/doublevie\/wp-json\/wp\/v2\/comments?post=32"}],"version-history":[{"count":33,"href":"https:\/\/websites.artecom.studio\/doublevie\/wp-json\/wp\/v2\/pages\/32\/revisions"}],"predecessor-version":[{"id":403,"href":"https:\/\/websites.artecom.studio\/doublevie\/wp-json\/wp\/v2\/pages\/32\/revisions\/403"}],"wp:attachment":[{"href":"https:\/\/websites.artecom.studio\/doublevie\/wp-json\/wp\/v2\/media?parent=32"}],"curies":[{"name":"wp","href":"https:\/\/api.w.org\/{rel}","templated":true}]}}

<p class="has-text-align-center has-medium-font-size"><strong>Ces personnages jonglent entre vie privée et vie publique. Leur double vie comprend d’un côté leur de vie intime et de l’autre une vie montrée sur scène au grand public, lors de performances.</strong></p>



<div class="wp-block-columns is-layout-flex wp-container-core-columns-is-layout-d7d455e7 wp-block-columns-is-layout-flex" style="padding-top:0;padding-right:0;padding-bottom:0;padding-left:0">
<div class="wp-block-column is-layout-flow wp-block-column-is-layout-flow" style="border-style:none;border-width:0px;padding-top:var(--wp--preset--spacing--50);padding-right:var(--wp--preset--spacing--50);padding-bottom:var(--wp--preset--spacing--50);padding-left:var(--wp--preset--spacing--50)">
<h2 class="wp-block-heading">Lady Gaga</h2>



<figure class="wp-block-image size-large is-resized"><img loading="lazy" decoding="async" src="https://websites.artecom.studio/doublevie/wp-content/uploads/sites/8/2023/05/Screen-Shot-2023-05-10-at-18.26.32-1024x666.png" alt="" class="wp-image-375" width="447" height="290" srcset="https://websites.artecom.studio/doublevie/wp-content/uploads/sites/8/2023/05/Screen-Shot-2023-05-10-at-18.26.32-1024x666.png 1024w, https://websites.artecom.studio/doublevie/wp-content/uploads/sites/8/2023/05/Screen-Shot-2023-05-10-at-18.26.32-300x195.png 300w, https://websites.artecom.studio/doublevie/wp-content/uploads/sites/8/2023/05/Screen-Shot-2023-05-10-at-18.26.32-768x499.png 768w, https://websites.artecom.studio/doublevie/wp-content/uploads/sites/8/2023/05/Screen-Shot-2023-05-10-at-18.26.32-1536x998.png 1536w, https://websites.artecom.studio/doublevie/wp-content/uploads/sites/8/2023/05/Screen-Shot-2023-05-10-at-18.26.32.png 1714w" sizes="auto, (max-width: 447px) 100vw, 447px" /><figcaption class="wp-element-caption"><mark class="has-inline-color has-ti-bg-color">MARK SELLIGER</mark></figcaption></figure>



<p><strong>Derrière le glamour et les paillettes de son personnage public, Lady Gaga mène une double vie peu connue de ses fans. Engagée dans des causes philanthropiques et militantes, elle tient à préserver sa vie privée pour mieux gérer ses problèmes de santé mentale. Découvrez l’histoire fascinante de cette icône pop avant-gardiste qui inspire des millions de personnes à travers le monde.</strong></p>



<p class="has-ti-bg-color has-text-color has-link-color wp-elements-660a87d5204ce53b72913c5f61437f5d"><a href="https://websites.artecom.studio/doublevie/2023/03/28/lady-gaga/" data-type="URL" data-id="https://websites.artecom.studio/doublevie/2023/03/28/lady-gaga/">Lire la suite</a></p>
</div>



<div class="wp-block-column is-layout-flow wp-block-column-is-layout-flow" style="padding-top:var(--wp--preset--spacing--50);padding-right:var(--wp--preset--spacing--50);padding-bottom:var(--wp--preset--spacing--50);padding-left:var(--wp--preset--spacing--50)">
<h2 class="wp-block-heading">M</h2>



<figure class="wp-block-image size-full is-resized"><img loading="lazy" decoding="async" src="https://websites.artecom.studio/doublevie/wp-content/uploads/sites/8/2023/05/aeedc51519dd69632d1c55a0530f909a8f2fcbdcccb198e015d6a91e62c74bea.webp" alt="" class="wp-image-377" width="448" height="297" srcset="https://websites.artecom.studio/doublevie/wp-content/uploads/sites/8/2023/05/aeedc51519dd69632d1c55a0530f909a8f2fcbdcccb198e015d6a91e62c74bea.webp 704w, https://websites.artecom.studio/doublevie/wp-content/uploads/sites/8/2023/05/aeedc51519dd69632d1c55a0530f909a8f2fcbdcccb198e015d6a91e62c74bea-300x199.webp 300w" sizes="auto, (max-width: 448px) 100vw, 448px" /><figcaption class="wp-element-caption"><mark class="has-inline-color has-ti-bg-color">MATTHEW TOTARO</mark></figcaption></figure>



<p><strong>« Connaissez-vous la double vie de Mathieu Chedid, l&rsquo;auteur-compositeur-interprète français mieux connu sous le nom de « M »? Derrière son célèbre nom de scène se cache un musicien polyvalent et novateur, qui a su créer un son unique mélangeant rock, funk et électronique. Découvrez l&rsquo;histoire fascinante de cet artiste avant-gardiste, qui a su se créer une identité distincte de son célèbre père et inspirer des fans à travers le monde. »</strong></p>



<p class="has-ti-bg-color has-text-color has-link-color wp-elements-bc559c210b59a068134b06e18b53d46d"><a href="https://websites.artecom.studio/doublevie/2023/03/28/m/" data-type="URL" data-id="https://websites.artecom.studio/doublevie/2023/03/28/m/">Lire la suite</a></p>
</div>
</div>

<p><strong>Derrière le glamour e les paillettes de son personnage public, Lady Gaga mène une double vie peu connue de ses fans. Engagée dans des causes philanthropiques et militantes, elle tient à préserver sa vie privée pour mieux gérer ses problèmes de santé mentale. Découvrez l’histoire fascinante de cette icône pop avant-gardiste qui inspire des millions de personnes à travers le monde.</strong></p>

Publié 3 ans il y a

Mis à jour 3 ans il y a

Publié le 28 mars 2023

Mise à jour le 10 mai 2023

Publié le 28 mars 2023 13h44

Mise à jour le 10 mai 2023 17h39
