{"id":94,"date":"2023-03-28T14:54:05","date_gmt":"2023-03-28T12:54:05","guid":{"rendered":"https:\/\/websites.artecom.studio\/doublevie\/?page_id=94"},"modified":"2023-05-10T17:40:55","modified_gmt":"2023-05-10T15:40:55","slug":"tromperie","status":"publish","type":"page","link":"https:\/\/websites.artecom.studio\/doublevie\/tromperie\/","title":{"rendered":"Tromperie"},"content":{"rendered":"\n<p class=\"has-text-align-center has-medium-font-size\"><strong>Cette face cach\u00e9e est sous le point de vue de la trahison de soi-m\u00eame et des autres.&nbsp;Ces personnages vivent une double vie en trompant, consciemment ou non, volontairement ou non, les autres. Parfois c\u2019est eux m\u00eames qu\u2019ils trahissent \u00e9tant donn\u00e9 que leur propre identit\u00e9 est remise en question.<\/strong><\/p>\n\n\n\n<div class=\"wp-block-columns is-layout-flex wp-container-core-columns-is-layout-7466b548 wp-block-columns-is-layout-flex\" style=\"padding-top:var(--wp--preset--spacing--30);padding-right:var(--wp--preset--spacing--30);padding-bottom:var(--wp--preset--spacing--30);padding-left:var(--wp--preset--spacing--30)\">\n<div class=\"wp-block-column has-link-color wp-elements-7858bd3a164e3c3c0c51e30b38f8a09f is-layout-flow wp-block-column-is-layout-flow\" style=\"flex-basis:33.34%\">\n<div class=\"wp-block-columns is-layout-flex wp-container-core-columns-is-layout-28f84493 wp-block-columns-is-layout-flex\">\n<div class=\"wp-block-column is-layout-flow wp-block-column-is-layout-flow\">\n<h2 class=\"wp-block-heading\">Emile Ajar : la plus grande supercherie litt\u00e9raire<\/h2>\n\n\n\n<figure class=\"wp-block-image size-full is-resized\"><img loading=\"lazy\" decoding=\"async\" src=\"https:\/\/websites.artecom.studio\/doublevie\/wp-content\/uploads\/sites\/8\/2023\/05\/6faRUGzp4gRApCKZ70yCKv.webp\" alt=\"\" class=\"wp-image-370\" width=\"381\" height=\"317\" srcset=\"https:\/\/websites.artecom.studio\/doublevie\/wp-content\/uploads\/sites\/8\/2023\/05\/6faRUGzp4gRApCKZ70yCKv.webp 640w, https:\/\/websites.artecom.studio\/doublevie\/wp-content\/uploads\/sites\/8\/2023\/05\/6faRUGzp4gRApCKZ70yCKv-300x250.webp 300w\" sizes=\"auto, (max-width: 381px) 100vw, 381px\" \/><figcaption class=\"wp-element-caption\"><mark class=\"has-inline-color has-ti-bg-color\">J. CUINI\u00c8RES \/ ROGR-VIOLLET\/ AFP<\/mark><\/figcaption><\/figure>\n\n\n\n<p><strong>En 1974, l\u2019\u00e9crivain \u00e0 succ\u00e8s Romain Gary \u00e0 perturb\u00e9 le syst\u00e8me litt\u00e9raire fran\u00e7ais en se faisant passer pour quelqu\u2019un d\u2019autre.<\/strong><\/p>\n\n\n\n<p><a href=\"https:\/\/websites.artecom.studio\/doublevie\/2023\/03\/28\/emile-ajar-la-plus-grande-supercherie-litteraire\/\" data-type=\"URL\" data-id=\"https:\/\/websites.artecom.studio\/doublevie\/2023\/03\/28\/emile-ajar-la-plus-grande-supercherie-litteraire\/\">Lire la suite<\/a><\/p>\n<\/div>\n<\/div>\n<\/div>\n\n\n\n<div class=\"wp-block-column has-link-color wp-elements-f3ccd9d39aef3c4f6e3b72db057a1817 is-layout-flow wp-block-column-is-layout-flow\" style=\"padding-top:var(--wp--preset--spacing--40);padding-right:var(--wp--preset--spacing--40);padding-bottom:var(--wp--preset--spacing--40);padding-left:var(--wp--preset--spacing--40);flex-basis:33.34%\">\n<h2 class=\"wp-block-heading\">Hannah Montana, Miley Stewart ou Miley Cyrus ?<\/h2>\n\n\n\n<figure class=\"wp-block-image size-full is-resized\"><img loading=\"lazy\" decoding=\"async\" src=\"https:\/\/websites.artecom.studio\/doublevie\/wp-content\/uploads\/sites\/8\/2023\/05\/Hannah-Montana-BTS-cr-Disney-Channel-Chuck-Zlotnick-billboard-1548-1616601495.jpeg\" alt=\"\" class=\"wp-image-371\" width=\"345\" height=\"227\" srcset=\"https:\/\/websites.artecom.studio\/doublevie\/wp-content\/uploads\/sites\/8\/2023\/05\/Hannah-Montana-BTS-cr-Disney-Channel-Chuck-Zlotnick-billboard-1548-1616601495.jpeg 942w, https:\/\/websites.artecom.studio\/doublevie\/wp-content\/uploads\/sites\/8\/2023\/05\/Hannah-Montana-BTS-cr-Disney-Channel-Chuck-Zlotnick-billboard-1548-1616601495-300x198.jpeg 300w, https:\/\/websites.artecom.studio\/doublevie\/wp-content\/uploads\/sites\/8\/2023\/05\/Hannah-Montana-BTS-cr-Disney-Channel-Chuck-Zlotnick-billboard-1548-1616601495-768x508.jpeg 768w\" sizes=\"auto, (max-width: 345px) 100vw, 345px\" \/><figcaption class=\"wp-element-caption\"><mark class=\"has-inline-color has-ti-bg-color\">DISNEY CHANNEL\/CHUCK ZLOTNICK<\/mark><\/figcaption><\/figure>\n\n\n\n<p><strong>Ic\u00f4ne de la pop culture, Hannah Montana est le personnage principal de la s\u00e9rie Disney Channel du m\u00eame nom.&nbsp;<\/strong><\/p>\n\n\n\n<p><a href=\"https:\/\/websites.artecom.studio\/doublevie\/?p=111\">Lire la suite<\/a><\/p>\n<\/div>\n\n\n\n<div class=\"wp-block-column is-layout-flow wp-block-column-is-layout-flow\" style=\"padding-top:var(--wp--preset--spacing--30);padding-right:var(--wp--preset--spacing--30);padding-bottom:var(--wp--preset--spacing--30);padding-left:var(--wp--preset--spacing--30);flex-basis:33.33%\">\n<h2 class=\"wp-block-heading\">James Bond<\/h2>\n\n\n\n<figure class=\"wp-block-image size-large is-resized\"><img loading=\"lazy\" decoding=\"async\" src=\"https:\/\/websites.artecom.studio\/doublevie\/wp-content\/uploads\/sites\/8\/2023\/05\/75017-1024x649.jpeg\" alt=\"\" class=\"wp-image-372\" width=\"384\" height=\"243\" srcset=\"https:\/\/websites.artecom.studio\/doublevie\/wp-content\/uploads\/sites\/8\/2023\/05\/75017-1024x649.jpeg 1024w, https:\/\/websites.artecom.studio\/doublevie\/wp-content\/uploads\/sites\/8\/2023\/05\/75017-300x190.jpeg 300w, https:\/\/websites.artecom.studio\/doublevie\/wp-content\/uploads\/sites\/8\/2023\/05\/75017-768x487.jpeg 768w, https:\/\/websites.artecom.studio\/doublevie\/wp-content\/uploads\/sites\/8\/2023\/05\/75017.jpeg 1200w\" sizes=\"auto, (max-width: 384px) 100vw, 384px\" \/><figcaption class=\"wp-element-caption\"><mark class=\"has-inline-color has-ti-bg-color\">ALAMY<\/mark><\/figcaption><\/figure>\n\n\n\n<p><strong>Sans doute l\u2019un des espions les plus c\u00e9l\u00e8bres du cin\u00e9ma, James Bond est \u00e0 la fois un s\u00e9ducteur, amoureux de la gloire et du succ\u00e8s mais aussi un redoutable h\u00e9ros, dot\u00e9 d\u2019une virilit\u00e9 indissociable de son personnage.&nbsp;Du grand s\u00e9ducteur \u00e0 l\u2019agent redoutable : qui est r\u00e9ellement James Bond ?<\/strong><\/p>\n\n\n\n<p class=\"has-link-color wp-elements-7decc8f40cfb209fa533665e3785b9ee\"><a href=\"https:\/\/websites.artecom.studio\/doublevie\/?p=30\">Lire la suite<\/a><\/p>\n<\/div>\n<\/div>\n\n\n\n<p><\/p>\n","protected":false},"excerpt":{"rendered":"<p>Cette face cach\u00e9e est sous le point de vue de la trahison de soi-m\u00eame et des autres.&nbsp;Ces personnages vivent une double vie en trompant, consciemment ou non, volontairement ou non, les autres. Parfois c\u2019est eux m\u00eames qu\u2019ils trahissent \u00e9tant donn\u00e9 que leur propre identit\u00e9 est remise en question. Emile Ajar : la plus grande supercherie [&hellip;]<\/p>\n","protected":false},"author":39,"featured_media":0,"parent":0,"menu_order":0,"comment_status":"closed","ping_status":"closed","template":"","meta":{"advgb_blocks_editor_width":"","advgb_blocks_columns_visual_guide":"","footnotes":""},"class_list":["post-94","page","type-page","status-publish","hentry"],"coauthors":[],"author_meta":{"author_link":"https:\/\/websites.artecom.studio\/doublevie\/author\/evam\/","display_name":"evam"},"relative_dates":{"created":"Publi\u00e9 3 ans il y a","modified":"Mis \u00e0 jour 3 ans il y a"},"absolute_dates":{"created":"Publi\u00e9 le 28 mars 2023","modified":"Mise \u00e0 jour le 10 mai 2023"},"absolute_dates_time":{"created":"Publi\u00e9 le 28 mars 2023 14h54","modified":"Mise \u00e0 jour le 10 mai 2023 17h40"},"featured_img_caption":"","featured_img":false,"series_order":"","_links":{"self":[{"href":"https:\/\/websites.artecom.studio\/doublevie\/wp-json\/wp\/v2\/pages\/94","targetHints":{"allow":["GET"]}}],"collection":[{"href":"https:\/\/websites.artecom.studio\/doublevie\/wp-json\/wp\/v2\/pages"}],"about":[{"href":"https:\/\/websites.artecom.studio\/doublevie\/wp-json\/wp\/v2\/types\/page"}],"author":[{"embeddable":true,"href":"https:\/\/websites.artecom.studio\/doublevie\/wp-json\/wp\/v2\/users\/39"}],"replies":[{"embeddable":true,"href":"https:\/\/websites.artecom.studio\/doublevie\/wp-json\/wp\/v2\/comments?post=94"}],"version-history":[{"count":14,"href":"https:\/\/websites.artecom.studio\/doublevie\/wp-json\/wp\/v2\/pages\/94\/revisions"}],"predecessor-version":[{"id":407,"href":"https:\/\/websites.artecom.studio\/doublevie\/wp-json\/wp\/v2\/pages\/94\/revisions\/407"}],"wp:attachment":[{"href":"https:\/\/websites.artecom.studio\/doublevie\/wp-json\/wp\/v2\/media?parent=94"}],"curies":[{"name":"wp","href":"https:\/\/api.w.org\/{rel}","templated":true}]}}