{"id":97,"date":"2023-03-28T15:00:23","date_gmt":"2023-03-28T13:00:23","guid":{"rendered":"https:\/\/websites.artecom.studio\/doublevie\/?page_id=97"},"modified":"2023-05-10T17:42:08","modified_gmt":"2023-05-10T15:42:08","slug":"extension-de-soi","status":"publish","type":"page","link":"https:\/\/websites.artecom.studio\/doublevie\/extension-de-soi\/","title":{"rendered":"Extension de soi"},"content":{"rendered":"\n<p class=\"has-text-align-center has-medium-font-size\"><strong>La face cach\u00e9e de ces personnages leur permet d\u2019exprimer une partie d&rsquo;eux-m\u00eames qu\u2019ils ne peuvent pas exprimer dans l\u2019une de leur deux vies (cela peut \u00eatre dans leur vie priv\u00e9e ou publique). La double vie leur donne acc\u00e8s \u00e0 une extension de leur identit\u00e9.<\/strong><\/p>\n\n\n\n<div class=\"wp-block-columns has-link-color wp-elements-c5f478b4476b4a3d1bad7e58e09a38f9 is-layout-flex wp-container-core-columns-is-layout-244aab75 wp-block-columns-is-layout-flex\" style=\"padding-top:var(--wp--preset--spacing--40);padding-right:var(--wp--preset--spacing--40);padding-bottom:var(--wp--preset--spacing--40);padding-left:var(--wp--preset--spacing--40)\">\n<div class=\"wp-block-column is-layout-flow wp-block-column-is-layout-flow\" style=\"padding-top:var(--wp--preset--spacing--40);padding-right:var(--wp--preset--spacing--40);padding-bottom:var(--wp--preset--spacing--40);padding-left:var(--wp--preset--spacing--40);flex-basis:50%\">\n<h2 class=\"wp-block-heading\">Jos\u00e9phine Baker<\/h2>\n\n\n\n<figure class=\"wp-block-image size-large is-resized\"><img loading=\"lazy\" decoding=\"async\" src=\"https:\/\/websites.artecom.studio\/doublevie\/wp-content\/uploads\/sites\/8\/2023\/05\/download-1024x683.jpeg\" alt=\"\" class=\"wp-image-396\" width=\"405\" height=\"270\" srcset=\"https:\/\/websites.artecom.studio\/doublevie\/wp-content\/uploads\/sites\/8\/2023\/05\/download-1024x683.jpeg 1024w, https:\/\/websites.artecom.studio\/doublevie\/wp-content\/uploads\/sites\/8\/2023\/05\/download-300x200.jpeg 300w, https:\/\/websites.artecom.studio\/doublevie\/wp-content\/uploads\/sites\/8\/2023\/05\/download-768x512.jpeg 768w, https:\/\/websites.artecom.studio\/doublevie\/wp-content\/uploads\/sites\/8\/2023\/05\/download.jpeg 1400w\" sizes=\"auto, (max-width: 405px) 100vw, 405px\" \/><figcaption class=\"wp-element-caption\"><mark class=\"has-inline-color has-ti-bg-color\">JACK ESTEN\/GETTY IMAGES<\/mark><\/figcaption><\/figure>\n\n\n\n<p><strong>Personnage embl\u00e9matique de sa g\u00e9n\u00e9ration, Jos\u00e9phine Baker, de son vrai nom Freda Josephine McDonald, \u00e9tait une ic\u00f4ne dans plusieurs disciplines. Elle est pass\u00e9e par plusieurs m\u00e9tiers de la sc\u00e8ne, en passant d\u2019actrice \u00e0 chanteuse, danseuse puis meneuse de revue.<\/strong><\/p>\n\n\n\n<p><a href=\"https:\/\/websites.artecom.studio\/doublevie\/2023\/03\/28\/josephine-baker\/\" data-type=\"URL\" data-id=\"https:\/\/websites.artecom.studio\/doublevie\/2023\/03\/28\/josephine-baker\/\">Lire la suite<\/a><\/p>\n<\/div>\n\n\n\n<div class=\"wp-block-column is-layout-flow wp-block-column-is-layout-flow\" style=\"padding-top:var(--wp--preset--spacing--40);padding-right:var(--wp--preset--spacing--40);padding-bottom:var(--wp--preset--spacing--40);padding-left:var(--wp--preset--spacing--40);flex-basis:50%\">\n<h2 class=\"wp-block-heading\">Mulan<\/h2>\n\n\n\n<figure class=\"wp-block-image size-full is-resized\"><img loading=\"lazy\" decoding=\"async\" src=\"https:\/\/websites.artecom.studio\/doublevie\/wp-content\/uploads\/sites\/8\/2023\/05\/fbed0b30cc3d4218a10e3c08e5dfc008.jpeg\" alt=\"\" class=\"wp-image-382\" width=\"360\" height=\"269\" srcset=\"https:\/\/websites.artecom.studio\/doublevie\/wp-content\/uploads\/sites\/8\/2023\/05\/fbed0b30cc3d4218a10e3c08e5dfc008.jpeg 780w, https:\/\/websites.artecom.studio\/doublevie\/wp-content\/uploads\/sites\/8\/2023\/05\/fbed0b30cc3d4218a10e3c08e5dfc008-300x225.jpeg 300w, https:\/\/websites.artecom.studio\/doublevie\/wp-content\/uploads\/sites\/8\/2023\/05\/fbed0b30cc3d4218a10e3c08e5dfc008-768x576.jpeg 768w\" sizes=\"auto, (max-width: 360px) 100vw, 360px\" \/><figcaption class=\"wp-element-caption\"><mark class=\"has-inline-color has-ti-bg-color\">DISNEY<\/mark><\/figcaption><\/figure>\n\n\n\n<p><strong>Mulan est un personnage inspir\u00e9 d\u2019une l\u00e9gende chinoise r\u00e9dig\u00e9e vers le Ve si\u00e8cle. Disney reprend le personnage afin de raconter son histoire sur grands \u00e9crans et pour les plus petits. On peut alors se demander de quelle mani\u00e8re l\u2019\u00e9pop\u00e9e de Mulan, qui consistait au d\u00e9part \u00e0 tromper son entourage, se r\u00e9v\u00e8le valorisante et lib\u00e9ratrice pour l&rsquo;h\u00e9ro\u00efne.<\/strong><\/p>\n\n\n\n<p><a href=\"https:\/\/websites.artecom.studio\/doublevie\/2023\/03\/28\/mulan\/\" data-type=\"URL\" data-id=\"https:\/\/websites.artecom.studio\/doublevie\/2023\/03\/28\/mulan\/\">Lire la suite<\/a><\/p>\n<\/div>\n<\/div>\n","protected":false},"excerpt":{"rendered":"<p>La face cach\u00e9e de ces personnages leur permet d\u2019exprimer une partie d&rsquo;eux-m\u00eames qu\u2019ils ne peuvent pas exprimer dans l\u2019une de leur deux vies (cela peut \u00eatre dans leur vie priv\u00e9e ou publique). La double vie leur donne acc\u00e8s \u00e0 une extension de leur identit\u00e9. Jos\u00e9phine Baker Personnage embl\u00e9matique de sa g\u00e9n\u00e9ration, Jos\u00e9phine Baker, de son [&hellip;]<\/p>\n","protected":false},"author":39,"featured_media":0,"parent":0,"menu_order":0,"comment_status":"closed","ping_status":"closed","template":"","meta":{"advgb_blocks_editor_width":"","advgb_blocks_columns_visual_guide":"","footnotes":""},"class_list":["post-97","page","type-page","status-publish","hentry"],"coauthors":[],"author_meta":{"author_link":"https:\/\/websites.artecom.studio\/doublevie\/author\/evam\/","display_name":"evam"},"relative_dates":{"created":"Publi\u00e9 3 ans il y a","modified":"Mis \u00e0 jour 3 ans il y a"},"absolute_dates":{"created":"Publi\u00e9 le 28 mars 2023","modified":"Mise \u00e0 jour le 10 mai 2023"},"absolute_dates_time":{"created":"Publi\u00e9 le 28 mars 2023 15h00","modified":"Mise \u00e0 jour le 10 mai 2023 17h42"},"featured_img_caption":"","featured_img":false,"series_order":"","_links":{"self":[{"href":"https:\/\/websites.artecom.studio\/doublevie\/wp-json\/wp\/v2\/pages\/97","targetHints":{"allow":["GET"]}}],"collection":[{"href":"https:\/\/websites.artecom.studio\/doublevie\/wp-json\/wp\/v2\/pages"}],"about":[{"href":"https:\/\/websites.artecom.studio\/doublevie\/wp-json\/wp\/v2\/types\/page"}],"author":[{"embeddable":true,"href":"https:\/\/websites.artecom.studio\/doublevie\/wp-json\/wp\/v2\/users\/39"}],"replies":[{"embeddable":true,"href":"https:\/\/websites.artecom.studio\/doublevie\/wp-json\/wp\/v2\/comments?post=97"}],"version-history":[{"count":11,"href":"https:\/\/websites.artecom.studio\/doublevie\/wp-json\/wp\/v2\/pages\/97\/revisions"}],"predecessor-version":[{"id":408,"href":"https:\/\/websites.artecom.studio\/doublevie\/wp-json\/wp\/v2\/pages\/97\/revisions\/408"}],"wp:attachment":[{"href":"https:\/\/websites.artecom.studio\/doublevie\/wp-json\/wp\/v2\/media?parent=97"}],"curies":[{"name":"wp","href":"https:\/\/api.w.org\/{rel}","templated":true}]}}

<p class="has-text-align-center has-medium-font-size"><strong>La face cachée de ces personnages leur permet d’exprimer une partie d&rsquo;eux-mêmes qu’ils ne peuvent pas exprimer dans l’une de leur deux vies (cela peut être dans leur vie privée ou publique). La double vie leur donne accès à une extension de leur identité.</strong></p>



<div class="wp-block-columns has-link-color wp-elements-c5f478b4476b4a3d1bad7e58e09a38f9 is-layout-flex wp-container-core-columns-is-layout-244aab75 wp-block-columns-is-layout-flex" style="padding-top:var(--wp--preset--spacing--40);padding-right:var(--wp--preset--spacing--40);padding-bottom:var(--wp--preset--spacing--40);padding-left:var(--wp--preset--spacing--40)">
<div class="wp-block-column is-layout-flow wp-block-column-is-layout-flow" style="padding-top:var(--wp--preset--spacing--40);padding-right:var(--wp--preset--spacing--40);padding-bottom:var(--wp--preset--spacing--40);padding-left:var(--wp--preset--spacing--40);flex-basis:50%">
<h2 class="wp-block-heading">Joséphine Baker</h2>



<figure class="wp-block-image size-large is-resized"><img loading="lazy" decoding="async" src="https://websites.artecom.studio/doublevie/wp-content/uploads/sites/8/2023/05/download-1024x683.jpeg" alt="" class="wp-image-396" width="405" height="270" srcset="https://websites.artecom.studio/doublevie/wp-content/uploads/sites/8/2023/05/download-1024x683.jpeg 1024w, https://websites.artecom.studio/doublevie/wp-content/uploads/sites/8/2023/05/download-300x200.jpeg 300w, https://websites.artecom.studio/doublevie/wp-content/uploads/sites/8/2023/05/download-768x512.jpeg 768w, https://websites.artecom.studio/doublevie/wp-content/uploads/sites/8/2023/05/download.jpeg 1400w" sizes="auto, (max-width: 405px) 100vw, 405px" /><figcaption class="wp-element-caption"><mark class="has-inline-color has-ti-bg-color">JACK ESTEN/GETTY IMAGES</mark></figcaption></figure>



<p><strong>Personnage emblématique de sa génération, Joséphine Baker, de son vrai nom Freda Josephine McDonald, était une icône dans plusieurs disciplines. Elle est passée par plusieurs métiers de la scène, en passant d’actrice à chanteuse, danseuse puis meneuse de revue.</strong></p>



<p><a href="https://websites.artecom.studio/doublevie/2023/03/28/josephine-baker/" data-type="URL" data-id="https://websites.artecom.studio/doublevie/2023/03/28/josephine-baker/">Lire la suite</a></p>
</div>



<div class="wp-block-column is-layout-flow wp-block-column-is-layout-flow" style="padding-top:var(--wp--preset--spacing--40);padding-right:var(--wp--preset--spacing--40);padding-bottom:var(--wp--preset--spacing--40);padding-left:var(--wp--preset--spacing--40);flex-basis:50%">
<h2 class="wp-block-heading">Mulan</h2>



<figure class="wp-block-image size-full is-resized"><img loading="lazy" decoding="async" src="https://websites.artecom.studio/doublevie/wp-content/uploads/sites/8/2023/05/fbed0b30cc3d4218a10e3c08e5dfc008.jpeg" alt="" class="wp-image-382" width="360" height="269" srcset="https://websites.artecom.studio/doublevie/wp-content/uploads/sites/8/2023/05/fbed0b30cc3d4218a10e3c08e5dfc008.jpeg 780w, https://websites.artecom.studio/doublevie/wp-content/uploads/sites/8/2023/05/fbed0b30cc3d4218a10e3c08e5dfc008-300x225.jpeg 300w, https://websites.artecom.studio/doublevie/wp-content/uploads/sites/8/2023/05/fbed0b30cc3d4218a10e3c08e5dfc008-768x576.jpeg 768w" sizes="auto, (max-width: 360px) 100vw, 360px" /><figcaption class="wp-element-caption"><mark class="has-inline-color has-ti-bg-color">DISNEY</mark></figcaption></figure>



<p><strong>Mulan est un personnage inspiré d’une légende chinoise rédigée vers le Ve siècle. Disney reprend le personnage afin de raconter son histoire sur grands écrans et pour les plus petits. On peut alors se demander de quelle manière l’épopée de Mulan, qui consistait au départ à tromper son entourage, se révèle valorisante et libératrice pour l&rsquo;héroïne.</strong></p>



<p><a href="https://websites.artecom.studio/doublevie/2023/03/28/mulan/" data-type="URL" data-id="https://websites.artecom.studio/doublevie/2023/03/28/mulan/">Lire la suite</a></p>
</div>
</div>

<p>La face cachée de ces personnages leur permet d’exprimer une partie d&rsquo;eux-mêmes qu’ils ne peuvent pas exprimer dans l’une de leur deux vies (cela peut être dans leur vie privée ou publique). La double vie leur donne accès à une extension de leur identité. Joséphine Baker Personnage emblématique de sa génération, Joséphine Baker, de son [&hellip;]</p>

Publié 3 ans il y a

Mis à jour 3 ans il y a

Publié le 28 mars 2023

Mise à jour le 10 mai 2023

Publié le 28 mars 2023 15h00

Mise à jour le 10 mai 2023 17h42
