{"id":36,"date":"2022-03-30T15:08:33","date_gmt":"2022-03-30T13:08:33","guid":{"rendered":"https:\/\/websites.artecom.studio\/on-off\/?page_id=36"},"modified":"2022-04-21T14:10:26","modified_gmt":"2022-04-21T12:10:26","slug":"comprendre-la-nuit","status":"publish","type":"page","link":"https:\/\/websites.artecom.studio\/on-off\/comprendre-la-nuit\/","title":{"rendered":"COMPRENDRE LA NUIT"},"content":{"rendered":"\n<h2 class=\"has-text-align-center wp-block-heading\">Les intentions du projet <em><strong>ON\/OFF<\/strong><\/em><\/h2>\n\n\n\n<div class=\"wp-block-image\"><figure class=\"aligncenter size-full is-resized\"><img decoding=\"async\" src=\"https:\/\/websites.artecom.studio\/on-off\/wp-content\/uploads\/sites\/2\/2022\/04\/Soleil-bouton-edited.png\" alt=\"\" class=\"wp-image-891\" width=\"333\" srcset=\"https:\/\/websites.artecom.studio\/on-off\/wp-content\/uploads\/sites\/2\/2022\/04\/Soleil-bouton-edited.png 414w, https:\/\/websites.artecom.studio\/on-off\/wp-content\/uploads\/sites\/2\/2022\/04\/Soleil-bouton-edited-300x188.png 300w\" sizes=\"(max-width: 414px) 100vw, 414px\" \/><\/figure><\/div>\n\n\n\n<p class=\"has-drop-cap has-text-align-center\">Nuit. Alternatif. Musique. F\u00eate. N\u00e9on. Ville. Alternatif. Nuit. D\u00e9ambulation. D\u00e9couverte. D\u00e9calage. Nuit. Underground. Alternatif. Lumi\u00e8res. Nuit. Immersion. Ambiance. Nuit. F\u00eate. Nuit. Nuit. Mystique. Nuit. Nuit. Nuit. Nuit. Malgr\u00e9 les milliers d\u2019id\u00e9es qui fourmillent dans nos t\u00eates, le mot \u00ab\u00a0Nuit\u00a0\u00bb revient toujours. Quel est le lien entre une DJ qui se bat pour les droits des femmes et un r\u00e9gisseur de concert qui fait le tour des Z\u00e9niths de France ? Nuit. Nuit. Encore nuit.<\/p>\n\n\n\n<hr class=\"wp-block-separator has-text-color has-background has-black-background-color has-black-color is-style-default\" \/>\n\n\n\n<p class=\"has-drop-cap has-text-align-center\"> Ce.lle.ux qui s\u2019\u00e9veillent le soir pour travailler, ce.lle.ux qui sortent pour se retrouver, ce.lle.ux qui sortent pour se perdre, ce.lle.ux qui sortent pour s\u2019\u00e9vader. Ce site montrera les diff\u00e9rents regards que l\u2019on peut porter sur la Nuit. Si elle est souvent sous-estim\u00e9e, la vie urbaine nocturne a inspir\u00e9 beaucoup d\u2019artistes et pose des probl\u00e9matiques au niveau politique. Nous souhaitons donc atteindre cette partie immerg\u00e9e de la vie d\u2019une personne, celle que l\u2019on ne voit jamais, celle qui reste dans l\u2019ombre de la Nuit.<\/p>\n\n\n\n<hr class=\"wp-block-separator has-text-color has-background has-black-background-color has-black-color\" \/>\n\n\n\n<p class=\"has-drop-cap has-text-align-center\">Qu\u2019est que le monde de la Nuit ? Qui peuple la Nuit ? Que faire pendant la Nuit ? De quoi est fait la Nuit ? Qu\u2019est ce que la Nuit ? Nuit. Nuit. Toujours Nuit. Quelles histoires raconte la Nuit ? Comment raconter l\u2019histoire de la Nuit ? Peut-\u00eatre est-ce impossible de raconter la Nuit dans son int\u00e9gralit\u00e9, celle-ci \u00e9tant trop vaste, trop sombre pour l\u2019appr\u00e9hender dans son int\u00e9gralit\u00e9. L\u2019id\u00e9e de ce webdocumentaire est simplement de raconter quelques histoires de la Nuit. Juste quelques unes, afin d\u2019aider un.e voyageur.euse perdu.e \u00e0 s\u2019orienter \u00e0 travers la nuit. Ce sont des histoires de musique, des histoires de militants, des histoires d\u2019aventure, des histoires de vie. Alors \u00e9teignez le jour, l\u00e2chez-prise, laissez-vous porter et allumons ensemble les lumi\u00e8res de la Nuit : ON\/OFF.<\/p>\n","protected":false},"excerpt":{"rendered":"<p>Les intentions du projet ON\/OFF Nuit. Alternatif. Musique. F\u00eate. N\u00e9on. Ville. Alternatif. Nuit. D\u00e9ambulation. D\u00e9couverte. D\u00e9calage. Nuit. Underground. Alternatif. Lumi\u00e8res. Nuit. Immersion. [&hellip;]<\/p>\n","protected":false},"author":11,"featured_media":0,"parent":0,"menu_order":0,"comment_status":"closed","ping_status":"closed","template":"","meta":{"advgb_blocks_editor_width":"","advgb_blocks_columns_visual_guide":"","footnotes":""},"class_list":{"0":"post-36","1":"page","2":"type-page","3":"status-publish","5":"col-md-6 col-sm-6"},"coauthors":[],"author_meta":{"author_link":"https:\/\/websites.artecom.studio\/on-off\/author\/cecile\/","display_name":"cecile"},"relative_dates":{"created":"Publi\u00e9 4 ans il y a","modified":"Mis \u00e0 jour 4 ans il y a"},"absolute_dates":{"created":"Publi\u00e9 le 30 mars 2022","modified":"Mise \u00e0 jour le 21 avril 2022"},"absolute_dates_time":{"created":"Publi\u00e9 le 30 mars 2022 15h08","modified":"Mise \u00e0 jour le 21 avril 2022 14h10"},"featured_img_caption":"","featured_img":false,"series_order":"","_links":{"self":[{"href":"https:\/\/websites.artecom.studio\/on-off\/wp-json\/wp\/v2\/pages\/36","targetHints":{"allow":["GET"]}}],"collection":[{"href":"https:\/\/websites.artecom.studio\/on-off\/wp-json\/wp\/v2\/pages"}],"about":[{"href":"https:\/\/websites.artecom.studio\/on-off\/wp-json\/wp\/v2\/types\/page"}],"author":[{"embeddable":true,"href":"https:\/\/websites.artecom.studio\/on-off\/wp-json\/wp\/v2\/users\/11"}],"replies":[{"embeddable":true,"href":"https:\/\/websites.artecom.studio\/on-off\/wp-json\/wp\/v2\/comments?post=36"}],"version-history":[{"count":21,"href":"https:\/\/websites.artecom.studio\/on-off\/wp-json\/wp\/v2\/pages\/36\/revisions"}],"predecessor-version":[{"id":902,"href":"https:\/\/websites.artecom.studio\/on-off\/wp-json\/wp\/v2\/pages\/36\/revisions\/902"}],"wp:attachment":[{"href":"https:\/\/websites.artecom.studio\/on-off\/wp-json\/wp\/v2\/media?parent=36"}],"curies":[{"name":"wp","href":"https:\/\/api.w.org\/{rel}","templated":true}]}}

<h2 class="has-text-align-center wp-block-heading">Les intentions du projet <em><strong>ON/OFF</strong></em></h2>



<div class="wp-block-image"><figure class="aligncenter size-full is-resized"><img decoding="async" src="https://websites.artecom.studio/on-off/wp-content/uploads/sites/2/2022/04/Soleil-bouton-edited.png" alt="" class="wp-image-891" width="333" srcset="https://websites.artecom.studio/on-off/wp-content/uploads/sites/2/2022/04/Soleil-bouton-edited.png 414w, https://websites.artecom.studio/on-off/wp-content/uploads/sites/2/2022/04/Soleil-bouton-edited-300x188.png 300w" sizes="(max-width: 414px) 100vw, 414px" /></figure></div>



<p class="has-drop-cap has-text-align-center">Nuit. Alternatif. Musique. Fête. Néon. Ville. Alternatif. Nuit. Déambulation. Découverte. Décalage. Nuit. Underground. Alternatif. Lumières. Nuit. Immersion. Ambiance. Nuit. Fête. Nuit. Nuit. Mystique. Nuit. Nuit. Nuit. Nuit. Malgré les milliers d’idées qui fourmillent dans nos têtes, le mot « Nuit » revient toujours. Quel est le lien entre une DJ qui se bat pour les droits des femmes et un régisseur de concert qui fait le tour des Zéniths de France ? Nuit. Nuit. Encore nuit.</p>



<hr class="wp-block-separator has-text-color has-background has-black-background-color has-black-color is-style-default" />



<p class="has-drop-cap has-text-align-center"> Ce.lle.ux qui s’éveillent le soir pour travailler, ce.lle.ux qui sortent pour se retrouver, ce.lle.ux qui sortent pour se perdre, ce.lle.ux qui sortent pour s’évader. Ce site montrera les différents regards que l’on peut porter sur la Nuit. Si elle est souvent sous-estimée, la vie urbaine nocturne a inspiré beaucoup d’artistes et pose des problématiques au niveau politique. Nous souhaitons donc atteindre cette partie immergée de la vie d’une personne, celle que l’on ne voit jamais, celle qui reste dans l’ombre de la Nuit.</p>



<hr class="wp-block-separator has-text-color has-background has-black-background-color has-black-color" />



<p class="has-drop-cap has-text-align-center">Qu’est que le monde de la Nuit ? Qui peuple la Nuit ? Que faire pendant la Nuit ? De quoi est fait la Nuit ? Qu’est ce que la Nuit ? Nuit. Nuit. Toujours Nuit. Quelles histoires raconte la Nuit ? Comment raconter l’histoire de la Nuit ? Peut-être est-ce impossible de raconter la Nuit dans son intégralité, celle-ci étant trop vaste, trop sombre pour l’appréhender dans son intégralité. L’idée de ce webdocumentaire est simplement de raconter quelques histoires de la Nuit. Juste quelques unes, afin d’aider un.e voyageur.euse perdu.e à s’orienter à travers la nuit. Ce sont des histoires de musique, des histoires de militants, des histoires d’aventure, des histoires de vie. Alors éteignez le jour, lâchez-prise, laissez-vous porter et allumons ensemble les lumières de la Nuit : ON/OFF.</p>

<p>Les intentions du projet ON/OFF Nuit. Alternatif. Musique. Fête. Néon. Ville. Alternatif. Nuit. Déambulation. Découverte. Décalage. Nuit. Underground. Alternatif. Lumières. Nuit. Immersion. [&hellip;]</p>

Publié 4 ans il y a

Mis à jour 4 ans il y a

Publié le 30 mars 2022

Mise à jour le 21 avril 2022

Publié le 30 mars 2022 15h08

Mise à jour le 21 avril 2022 14h10
