{"id":40,"date":"2022-03-30T15:10:36","date_gmt":"2022-03-30T13:10:36","guid":{"rendered":"https:\/\/websites.artecom.studio\/on-off\/?page_id=40"},"modified":"2022-04-20T13:30:17","modified_gmt":"2022-04-20T11:30:17","slug":"penser-la-nuit","status":"publish","type":"page","link":"https:\/\/websites.artecom.studio\/on-off\/penser-la-nuit\/","title":{"rendered":"PENSER LA NUIT"},"content":{"rendered":"\n<p class=\"has-text-align-center\">Un podcast documentaire, des articles de presse et scientifiques ou encore des po\u00e8mes nous permettent d&rsquo;appr\u00e9hender les enjeux contemporains li\u00e9s au monde de la Nuit. Entre sciences humaines, sociologie, anthropologie, d\u00e9couvrez quelles probl\u00e9matiques sont li\u00e9es \u00e0 la vie Nocturne. Quelles sont les dynamiques de la Nuit contemporaine ?  <\/p>\n\n\n\n<p class=\"has-text-align-center\"><strong>Essayons ensemble de penser la Nuit. <\/strong><\/p>\n\n\n\n<div class=\"wp-block-image\"><figure class=\"aligncenter size-full is-resized\"><img loading=\"lazy\" decoding=\"async\" src=\"https:\/\/websites.artecom.studio\/on-off\/wp-content\/uploads\/sites\/2\/2022\/04\/Copie-de-Portrait-4.png\" alt=\"\" class=\"wp-image-865\" width=\"231\" height=\"231\" srcset=\"https:\/\/websites.artecom.studio\/on-off\/wp-content\/uploads\/sites\/2\/2022\/04\/Copie-de-Portrait-4.png 312w, https:\/\/websites.artecom.studio\/on-off\/wp-content\/uploads\/sites\/2\/2022\/04\/Copie-de-Portrait-4-300x300.png 300w, https:\/\/websites.artecom.studio\/on-off\/wp-content\/uploads\/sites\/2\/2022\/04\/Copie-de-Portrait-4-150x150.png 150w\" sizes=\"auto, (max-width: 231px) 100vw, 231px\" \/><\/figure><\/div>\n\n\n\n<hr class=\"wp-block-separator has-text-color has-background is-style-wide\" style=\"background-color:#070347;color:#070347\" \/>\n\n\n\n<div style=\"height:29px\" aria-hidden=\"true\" class=\"wp-block-spacer\"><\/div>\n\n\n\n<h2 class=\"has-text-align-center wp-block-heading\">LE REGARD DE ON\/OFF<\/h2>\n\n\n\n<p class=\"has-text-align-center\">Bonsoir et bienvenue. Ici, on va s\u2019interroger sur les origines de ce concept, comment en sommes-nous arriv\u00e9.es l\u00e0 : \u00c0 cr\u00e9er des espaces dans lesquels on invite des personnes venant de diff\u00e9rents horizons pour leurs proposer une exp\u00e9rience multisensorielle. Par le biais de ce podcast, on vous propose une r\u00e9trospective sur le monde nocturne en deux chapitres : Paris et ses alentours, de l&rsquo;Ancien R\u00e9gime jusqu&rsquo;au XIX\u00e8me si\u00e8cle; puis New York et ses alentours, des ann\u00e9es 60 jusqu&rsquo;\u00e0 aujourd&rsquo;hui. Branchez vos \u00e9couteurs et remontons dans le temps.<\/p>\n\n\n\n<p class=\"has-text-align-center\"><strong>Un podcast sign\u00e9 Ma\u00efka<\/strong><\/p>\n\n\n\n<figure class=\"wp-block-embed is-type-video is-provider-youtube wp-block-embed-youtube wp-embed-aspect-16-9 wp-has-aspect-ratio\"><div class=\"wp-block-embed__wrapper\">\n<iframe loading=\"lazy\" title=\"ON:OFF pr\u00e9sente : Un podcast sur l&#039;historique des soir\u00e9es par Ma\u00efka\" width=\"1140\" height=\"641\" src=\"https:\/\/www.youtube.com\/embed\/TFRQmHflKSE?feature=oembed\" frameborder=\"0\" allow=\"accelerometer; autoplay; clipboard-write; encrypted-media; gyroscope; picture-in-picture\" allowfullscreen><\/iframe>\n<\/div><\/figure>\n\n\n\n<div style=\"height:35px\" aria-hidden=\"true\" class=\"wp-block-spacer\"><\/div>\n\n\n\n<hr class=\"wp-block-separator has-text-color has-background is-style-wide\" style=\"background-color:#070347;color:#070347\" \/>\n\n\n\n<div style=\"height:21px\" aria-hidden=\"true\" class=\"wp-block-spacer\"><\/div>\n\n\n\n<h2 class=\"has-text-align-center wp-block-heading\">Le regard de la presse<\/h2>\n\n\n\n<div style=\"height:50px\" aria-hidden=\"true\" class=\"wp-block-spacer\"><\/div>\n\n\n\n<blockquote class=\"wp-block-quote has-text-align-center is-style-large is-layout-flow wp-block-quote-is-layout-flow\"><p><em>\u00ab\u00a0La nuit est parfois un enfer\u00a0\u00bb<\/em><\/p><\/blockquote>\n\n\n\n<div class=\"wp-block-image\"><figure class=\"aligncenter size-large\"><img decoding=\"async\" src=\"https:\/\/static.actu.fr\/uploads\/2019\/06\/On-rallume-St-%C3%89tienne-D%C3%A9couvrez-le-nouvel-de-la-%E2%80%A6-Flickr-Google-Chrome-960x640.jpg\" alt=\"\" \/><figcaption>\u00ab\u00a0La mairie de Toulouse va mettre en place un conseil de la nuit.\u00a0\u00bb (\u00a9Ville de Toulouse \/ P. Nin) sur ACTUTOULOUSE<\/figcaption><\/figure><\/div>\n\n\n\n<p class=\"has-drop-cap has-text-align-center\">A la Une : Toulouse un conseil de nuit mis en place pour \u00ab\u00a0r\u00e9concilier\u00a0\u00bb la ville qui dort et celle qui vit la nuit. Conflits, d\u00e9saccords, tapages, etc. L&rsquo;aspect dialogique de la ville est au c\u0153ur de nombreuses probl\u00e9matiques car chacune des deux faces est indispensables. Pourtant, celle qui semble poser probl\u00e8me au yeux de la majorit\u00e9 est la Nuit. Jamais le jour. Toujours la Nuit. <\/p>\n\n\n\n<p class=\"has-text-align-center\"><strong>Peut-on vivre sans la Nuit ?<\/strong><\/p>\n\n\n\n<figure class=\"wp-block-pullquote\"><blockquote><p>\u00ab R\u00e9concilier la ville qui dort, celle qui s&rsquo;amuse et celle qui travaille \u00bb<\/p><cite><em>Hugues-Olivier Dumez pour ACTUTOULOUSE 14 Juin 2019<\/em> \u00ab\u00a0Toulouse : un Conseil de la Nuit, pour \u00ab&nbsp;r\u00e9concilier la ville qui dort et celle qui s&rsquo;amuse&nbsp;\u00bb<\/cite><\/blockquote><\/figure>\n\n\n\n<div class=\"wp-block-buttons is-content-justification-center is-layout-flex wp-container-core-buttons-is-layout-16018d1d wp-block-buttons-is-layout-flex\">\n<div class=\"wp-block-button aligncenter is-style-outline is-style-outline--1\"><a class=\"wp-block-button__link\" href=\"https:\/\/actu.fr\/occitanie\/toulouse_31555\/toulouse-conseil-nuit-reconcilier-ville-dort-celle-amuse_25006165.html\" target=\"_blank\" rel=\"noreferrer noopener\">Lire l&rsquo;article<\/a><\/div>\n<\/div>\n\n\n\n<hr class=\"wp-block-separator has-text-color has-background is-style-wide\" style=\"background-color:#070347;color:#070347\" \/>\n\n\n\n<div style=\"height:32px\" aria-hidden=\"true\" class=\"wp-block-spacer\"><\/div>\n\n\n\n<h2 class=\"has-text-align-center wp-block-heading\">Le regard des scientifiques<\/h2>\n\n\n\n<div style=\"height:100px\" aria-hidden=\"true\" class=\"wp-block-spacer\"><\/div>\n\n\n\n<p class=\"has-drop-cap has-text-align-center\"><strong>La Nuit de Nina Tissot, entre f\u00eate et drogue, jusqu&rsquo;o\u00f9 s\u2019arr\u00eate-t-elle  ? <\/strong><\/p>\n\n\n\n<p class=\"has-text-align-center\">F\u00eate, f\u00eate, f\u00eate. Le mot est omnipr\u00e9sent dans l\u2019\u00e9tude de Nina Tissot qui essaie de d\u00e9crire l&rsquo;effervescence brulante de la Nuit. Les lumi\u00e8res, la drogue, la danse, les free-party, etc. c&rsquo;est ainsi que la scientifique voit la Nuit. Comment la prise de substance peut-elle changer le regard que l&rsquo;on porte sur la Nuit ? Nina Tissot s&rsquo;interroge sur les couleurs, les sons, le danger. <\/p>\n\n\n\n<p class=\"has-text-align-center\"><strong>Quand se termine la Nuit ?<\/strong><\/p>\n\n\n\n<figure class=\"wp-block-pullquote\"><blockquote><p>Ecstasy, et la nuit est plus belle\u2026<\/p><cite>Nina tissot, \u00ab\u00a0La nuit, un (autre) monde ?\u00a0\u00bb <br>Dans RHIZOME 2020, n\u00b077, page 19<\/cite><\/blockquote><\/figure>\n\n\n\n<div class=\"wp-block-buttons is-layout-flex wp-block-buttons-is-layout-flex\">\n<div class=\"wp-block-button aligncenter is-style-outline is-style-outline--2\"><a class=\"wp-block-button__link\" href=\"https:\/\/websites.artecom.studio\/on-off\/wp-content\/uploads\/sites\/2\/2022\/04\/RHIZ_077_0019.pdf\" target=\"_blank\" rel=\"noreferrer noopener\">Lire l&rsquo;article<\/a><\/div>\n<\/div>\n\n\n\n<hr class=\"wp-block-separator has-text-color has-background is-style-wide\" style=\"background-color:#070347;color:#070347\" \/>\n\n\n\n<p class=\"has-drop-cap has-text-align-center\"><strong>La Nuit de Marie-Avril Berthet, les enjeux politiques, culturels et sociaux de la ville sont-ils incompatibles ?<\/strong><\/p>\n\n\n\n<p class=\"has-text-align-center\">A partir de son exp\u00e9rience dans la ville de Gen\u00e8ve, Marie-Avril Berthet \u00e9voque les conflits et enjeux politiques au c\u0153ur de la vie nocturne. Alors qu&rsquo;une boite de nuit de la ville voit disparaitre son autorisation d&rsquo;exploiter, des \u00e9meutes et protestations naissent en r\u00e9action. L&rsquo;aspect social et culturel est ni\u00e9 au profit de l&rsquo;\u00e9conomie et de la politique. La scientifique souhaite mettre en \u00e9vidence un fait peu \u00e9voqu\u00e9 : pour faire vivre la Nuit, il faut de l&rsquo;argent, de l&rsquo;espace et un minimum de pouvoir et d&rsquo;appuis. Un ph\u00e9nom\u00e8ne a prendre avec des pincettes qui nous am\u00e8ne \u00e0 l&rsquo;interrogation suivante : <\/p>\n\n\n\n<p class=\"has-text-align-center\"><strong>Que faut-il \u00e0 la Nuit pour vivre ?<\/strong><\/p>\n\n\n\n<figure class=\"wp-block-pullquote\"><blockquote><p>La vie nocturne est m\u00eame un espace dans lequel la d\u00e9finition m\u00eame de \u00ab culture \u00bb est sans cesse ren\u00e9goci\u00e9e<\/p><cite>Marie-Avril Berthet, \u00ab\u00a0LA VIE NOCTURNE :UN ACTE POLITIQUE POUR FAIRE LA VILLE\u00a0\u00bb<br>Dans L&rsquo;observatoire 2019, n\u00b053 pages 49 \u00e0 51<\/cite><\/blockquote><\/figure>\n\n\n\n<div class=\"wp-block-buttons is-layout-flex wp-block-buttons-is-layout-flex\">\n<div class=\"wp-block-button aligncenter is-style-outline is-style-outline--3\"><a class=\"wp-block-button__link\" href=\"https:\/\/websites.artecom.studio\/on-off\/wp-content\/uploads\/sites\/2\/2022\/04\/LOBS_053_0049.pdf\" target=\"_blank\" rel=\"noreferrer noopener\">Lire l&rsquo;article<\/a><\/div>\n<\/div>\n\n\n\n<hr class=\"wp-block-separator has-text-color has-background is-style-wide\" style=\"background-color:#070347;color:#070347\" \/>\n\n\n\n<p class=\"has-drop-cap has-text-align-center\"><strong>La Nuit de Christophe Moreau : la jeunesse dans la Nuit, une histoire de soci\u00e9t\u00e9<\/strong> ?<\/p>\n\n\n\n<p class=\"has-text-align-center\">La jeune population a contribu\u00e9 \u00e0 changer le regard que la soci\u00e9t\u00e9 porte sur la nuit. Entre mont\u00e9e de l\u2019excitation et des dangers, les villes ont d\u00fb se r\u00e9inventer pour rester attractives et accueillantes, m\u00eame la Nuit. Christophe Moreau met en \u00e9vidence les enjeux culturels que posent les nouvelles dynamiques de la Nuit urbaine. Que ce soit en sociologie ou en politique, en \u00e9conomie ou en terme de culture, <\/p>\n\n\n\n<p class=\"has-text-align-center\"><strong>la Nuit est-elle devenue essentielle ?<\/strong><\/p>\n\n\n\n<figure class=\"wp-block-pullquote\"><blockquote><p>Se sentir exister,<\/p><p>danser, ressentir l\u2019ivresse et le vertige,<\/p><p>jouir de la nouveaut\u00e9, tomber amoureux,<\/p><p>rassasier une soif de vivre et une \u00e9nergie<\/p><p>physique d\u00e9bordante.<\/p><cite>Christophe Moreau \u00ab\u00a0Jeunesses et vie nocturne&nbsp;: vers une ville plus altruiste\u00a0\u00bb Dans l&rsquo;observatoire n\u00b053, pages 68 \u00e0 70<\/cite><\/blockquote><\/figure>\n\n\n\n<div class=\"wp-block-buttons is-layout-flex wp-block-buttons-is-layout-flex\">\n<div class=\"wp-block-button aligncenter is-style-outline is-style-outline--4\"><a class=\"wp-block-button__link\" href=\"https:\/\/websites.artecom.studio\/on-off\/wp-content\/uploads\/sites\/2\/2022\/04\/LOBS_053_0068.pdf\" target=\"_blank\" rel=\"noreferrer noopener\">Lire l&rsquo;article<\/a><\/div>\n<\/div>\n\n\n\n<p><\/p>\n","protected":false},"excerpt":{"rendered":"<p>Un podcast documentaire, des articles de presse et scientifiques ou encore des po\u00e8mes nous permettent d&rsquo;appr\u00e9hender les enjeux contemporains li\u00e9s au monde [&hellip;]<\/p>\n","protected":false},"author":11,"featured_media":0,"parent":0,"menu_order":0,"comment_status":"closed","ping_status":"closed","template":"","meta":{"advgb_blocks_editor_width":"","advgb_blocks_columns_visual_guide":"","footnotes":""},"class_list":{"0":"post-40","1":"page","2":"type-page","3":"status-publish","5":"col-md-6 col-sm-6"},"coauthors":[],"author_meta":{"author_link":"https:\/\/websites.artecom.studio\/on-off\/author\/cecile\/","display_name":"cecile"},"relative_dates":{"created":"Publi\u00e9 4 ans il y a","modified":"Mis \u00e0 jour 4 ans il y a"},"absolute_dates":{"created":"Publi\u00e9 le 30 mars 2022","modified":"Mise \u00e0 jour le 20 avril 2022"},"absolute_dates_time":{"created":"Publi\u00e9 le 30 mars 2022 15h10","modified":"Mise \u00e0 jour le 20 avril 2022 13h30"},"featured_img_caption":"","featured_img":false,"series_order":"","_links":{"self":[{"href":"https:\/\/websites.artecom.studio\/on-off\/wp-json\/wp\/v2\/pages\/40","targetHints":{"allow":["GET"]}}],"collection":[{"href":"https:\/\/websites.artecom.studio\/on-off\/wp-json\/wp\/v2\/pages"}],"about":[{"href":"https:\/\/websites.artecom.studio\/on-off\/wp-json\/wp\/v2\/types\/page"}],"author":[{"embeddable":true,"href":"https:\/\/websites.artecom.studio\/on-off\/wp-json\/wp\/v2\/users\/11"}],"replies":[{"embeddable":true,"href":"https:\/\/websites.artecom.studio\/on-off\/wp-json\/wp\/v2\/comments?post=40"}],"version-history":[{"count":64,"href":"https:\/\/websites.artecom.studio\/on-off\/wp-json\/wp\/v2\/pages\/40\/revisions"}],"predecessor-version":[{"id":885,"href":"https:\/\/websites.artecom.studio\/on-off\/wp-json\/wp\/v2\/pages\/40\/revisions\/885"}],"wp:attachment":[{"href":"https:\/\/websites.artecom.studio\/on-off\/wp-json\/wp\/v2\/media?parent=40"}],"curies":[{"name":"wp","href":"https:\/\/api.w.org\/{rel}","templated":true}]}}

<p class="has-text-align-center">Un podcast documentaire, des articles de presse et scientifiques ou encore des poèmes nous permettent d&rsquo;appréhender les enjeux contemporains liés au monde de la Nuit. Entre sciences humaines, sociologie, anthropologie, découvrez quelles problématiques sont liées à la vie Nocturne. Quelles sont les dynamiques de la Nuit contemporaine ?  </p>



<p class="has-text-align-center"><strong>Essayons ensemble de penser la Nuit. </strong></p>



<div class="wp-block-image"><figure class="aligncenter size-full is-resized"><img loading="lazy" decoding="async" src="https://websites.artecom.studio/on-off/wp-content/uploads/sites/2/2022/04/Copie-de-Portrait-4.png" alt="" class="wp-image-865" width="231" height="231" srcset="https://websites.artecom.studio/on-off/wp-content/uploads/sites/2/2022/04/Copie-de-Portrait-4.png 312w, https://websites.artecom.studio/on-off/wp-content/uploads/sites/2/2022/04/Copie-de-Portrait-4-300x300.png 300w, https://websites.artecom.studio/on-off/wp-content/uploads/sites/2/2022/04/Copie-de-Portrait-4-150x150.png 150w" sizes="auto, (max-width: 231px) 100vw, 231px" /></figure></div>



<hr class="wp-block-separator has-text-color has-background is-style-wide" style="background-color:#070347;color:#070347" />



<div style="height:29px" aria-hidden="true" class="wp-block-spacer"></div>



<h2 class="has-text-align-center wp-block-heading">LE REGARD DE ON/OFF</h2>



<p class="has-text-align-center">Bonsoir et bienvenue. Ici, on va s’interroger sur les origines de ce concept, comment en sommes-nous arrivé.es là : À créer des espaces dans lesquels on invite des personnes venant de différents horizons pour leurs proposer une expérience multisensorielle. Par le biais de ce podcast, on vous propose une rétrospective sur le monde nocturne en deux chapitres : Paris et ses alentours, de l&rsquo;Ancien Régime jusqu&rsquo;au XIXème siècle; puis New York et ses alentours, des années 60 jusqu&rsquo;à aujourd&rsquo;hui. Branchez vos écouteurs et remontons dans le temps.</p>



<p class="has-text-align-center"><strong>Un podcast signé Maïka</strong></p>



<figure class="wp-block-embed is-type-video is-provider-youtube wp-block-embed-youtube wp-embed-aspect-16-9 wp-has-aspect-ratio"><div class="wp-block-embed__wrapper">
<iframe loading="lazy" title="ON:OFF présente : Un podcast sur l&#039;historique des soirées par Maïka" width="1140" height="641" src="https://www.youtube.com/embed/TFRQmHflKSE?feature=oembed" frameborder="0" allow="accelerometer; autoplay; clipboard-write; encrypted-media; gyroscope; picture-in-picture" allowfullscreen></iframe>
</div></figure>



<div style="height:35px" aria-hidden="true" class="wp-block-spacer"></div>



<hr class="wp-block-separator has-text-color has-background is-style-wide" style="background-color:#070347;color:#070347" />



<div style="height:21px" aria-hidden="true" class="wp-block-spacer"></div>



<h2 class="has-text-align-center wp-block-heading">Le regard de la presse</h2>



<div style="height:50px" aria-hidden="true" class="wp-block-spacer"></div>



<blockquote class="wp-block-quote has-text-align-center is-style-large is-layout-flow wp-block-quote-is-layout-flow"><p><em>« La nuit est parfois un enfer »</em></p></blockquote>



<div class="wp-block-image"><figure class="aligncenter size-large"><img decoding="async" src="https://static.actu.fr/uploads/2019/06/On-rallume-St-%C3%89tienne-D%C3%A9couvrez-le-nouvel-de-la-%E2%80%A6-Flickr-Google-Chrome-960x640.jpg" alt="" /><figcaption>« La mairie de Toulouse va mettre en place un conseil de la nuit. » (©Ville de Toulouse / P. Nin) sur ACTUTOULOUSE</figcaption></figure></div>



<p class="has-drop-cap has-text-align-center">A la Une : Toulouse un conseil de nuit mis en place pour « réconcilier » la ville qui dort et celle qui vit la nuit. Conflits, désaccords, tapages, etc. L&rsquo;aspect dialogique de la ville est au cœur de nombreuses problématiques car chacune des deux faces est indispensables. Pourtant, celle qui semble poser problème au yeux de la majorité est la Nuit. Jamais le jour. Toujours la Nuit. </p>



<p class="has-text-align-center"><strong>Peut-on vivre sans la Nuit ?</strong></p>



<figure class="wp-block-pullquote"><blockquote><p>« Réconcilier la ville qui dort, celle qui s&rsquo;amuse et celle qui travaille »</p><cite><em>Hugues-Olivier Dumez pour ACTUTOULOUSE 14 Juin 2019</em> « Toulouse : un Conseil de la Nuit, pour «&nbsp;réconcilier la ville qui dort et celle qui s&rsquo;amuse&nbsp;»</cite></blockquote></figure>



<div class="wp-block-buttons is-content-justification-center is-layout-flex wp-container-core-buttons-is-layout-16018d1d wp-block-buttons-is-layout-flex">
<div class="wp-block-button aligncenter is-style-outline is-style-outline--1"><a class="wp-block-button__link" href="https://actu.fr/occitanie/toulouse_31555/toulouse-conseil-nuit-reconcilier-ville-dort-celle-amuse_25006165.html" target="_blank" rel="noreferrer noopener">Lire l&rsquo;article</a></div>
</div>



<hr class="wp-block-separator has-text-color has-background is-style-wide" style="background-color:#070347;color:#070347" />



<div style="height:32px" aria-hidden="true" class="wp-block-spacer"></div>



<h2 class="has-text-align-center wp-block-heading">Le regard des scientifiques</h2>



<div style="height:100px" aria-hidden="true" class="wp-block-spacer"></div>



<p class="has-drop-cap has-text-align-center"><strong>La Nuit de Nina Tissot, entre fête et drogue, jusqu&rsquo;où s’arrête-t-elle  ? </strong></p>



<p class="has-text-align-center">Fête, fête, fête. Le mot est omniprésent dans l’étude de Nina Tissot qui essaie de décrire l&rsquo;effervescence brulante de la Nuit. Les lumières, la drogue, la danse, les free-party, etc. c&rsquo;est ainsi que la scientifique voit la Nuit. Comment la prise de substance peut-elle changer le regard que l&rsquo;on porte sur la Nuit ? Nina Tissot s&rsquo;interroge sur les couleurs, les sons, le danger. </p>



<p class="has-text-align-center"><strong>Quand se termine la Nuit ?</strong></p>



<figure class="wp-block-pullquote"><blockquote><p>Ecstasy, et la nuit est plus belle…</p><cite>Nina tissot, « La nuit, un (autre) monde ? » <br>Dans RHIZOME 2020, n°77, page 19</cite></blockquote></figure>



<div class="wp-block-buttons is-layout-flex wp-block-buttons-is-layout-flex">
<div class="wp-block-button aligncenter is-style-outline is-style-outline--2"><a class="wp-block-button__link" href="https://websites.artecom.studio/on-off/wp-content/uploads/sites/2/2022/04/RHIZ_077_0019.pdf" target="_blank" rel="noreferrer noopener">Lire l&rsquo;article</a></div>
</div>



<hr class="wp-block-separator has-text-color has-background is-style-wide" style="background-color:#070347;color:#070347" />



<p class="has-drop-cap has-text-align-center"><strong>La Nuit de Marie-Avril Berthet, les enjeux politiques, culturels et sociaux de la ville sont-ils incompatibles ?</strong></p>



<p class="has-text-align-center">A partir de son expérience dans la ville de Genève, Marie-Avril Berthet évoque les conflits et enjeux politiques au cœur de la vie nocturne. Alors qu&rsquo;une boite de nuit de la ville voit disparaitre son autorisation d&rsquo;exploiter, des émeutes et protestations naissent en réaction. L&rsquo;aspect social et culturel est nié au profit de l&rsquo;économie et de la politique. La scientifique souhaite mettre en évidence un fait peu évoqué : pour faire vivre la Nuit, il faut de l&rsquo;argent, de l&rsquo;espace et un minimum de pouvoir et d&rsquo;appuis. Un phénomène a prendre avec des pincettes qui nous amène à l&rsquo;interrogation suivante : </p>



<p class="has-text-align-center"><strong>Que faut-il à la Nuit pour vivre ?</strong></p>



<figure class="wp-block-pullquote"><blockquote><p>La vie nocturne est même un espace dans lequel la définition même de « culture » est sans cesse renégociée</p><cite>Marie-Avril Berthet, « LA VIE NOCTURNE :UN ACTE POLITIQUE POUR FAIRE LA VILLE »<br>Dans L&rsquo;observatoire 2019, n°53 pages 49 à 51</cite></blockquote></figure>



<div class="wp-block-buttons is-layout-flex wp-block-buttons-is-layout-flex">
<div class="wp-block-button aligncenter is-style-outline is-style-outline--3"><a class="wp-block-button__link" href="https://websites.artecom.studio/on-off/wp-content/uploads/sites/2/2022/04/LOBS_053_0049.pdf" target="_blank" rel="noreferrer noopener">Lire l&rsquo;article</a></div>
</div>



<hr class="wp-block-separator has-text-color has-background is-style-wide" style="background-color:#070347;color:#070347" />



<p class="has-drop-cap has-text-align-center"><strong>La Nuit de Christophe Moreau : la jeunesse dans la Nuit, une histoire de société</strong> ?</p>



<p class="has-text-align-center">La jeune population a contribué à changer le regard que la société porte sur la nuit. Entre montée de l’excitation et des dangers, les villes ont dû se réinventer pour rester attractives et accueillantes, même la Nuit. Christophe Moreau met en évidence les enjeux culturels que posent les nouvelles dynamiques de la Nuit urbaine. Que ce soit en sociologie ou en politique, en économie ou en terme de culture, </p>



<p class="has-text-align-center"><strong>la Nuit est-elle devenue essentielle ?</strong></p>



<figure class="wp-block-pullquote"><blockquote><p>Se sentir exister,</p><p>danser, ressentir l’ivresse et le vertige,</p><p>jouir de la nouveauté, tomber amoureux,</p><p>rassasier une soif de vivre et une énergie</p><p>physique débordante.</p><cite>Christophe Moreau « Jeunesses et vie nocturne&nbsp;: vers une ville plus altruiste » Dans l&rsquo;observatoire n°53, pages 68 à 70</cite></blockquote></figure>



<div class="wp-block-buttons is-layout-flex wp-block-buttons-is-layout-flex">
<div class="wp-block-button aligncenter is-style-outline is-style-outline--4"><a class="wp-block-button__link" href="https://websites.artecom.studio/on-off/wp-content/uploads/sites/2/2022/04/LOBS_053_0068.pdf" target="_blank" rel="noreferrer noopener">Lire l&rsquo;article</a></div>
</div>



<p></p>

<p>Un podcast documentaire, des articles de presse et scientifiques ou encore des poèmes nous permettent d&rsquo;appréhender les enjeux contemporains liés au monde [&hellip;]</p>

Publié 4 ans il y a

Mis à jour 4 ans il y a

Publié le 30 mars 2022

Mise à jour le 20 avril 2022

Publié le 30 mars 2022 15h10

Mise à jour le 20 avril 2022 13h30
