{"id":44,"date":"2022-03-30T15:11:38","date_gmt":"2022-03-30T13:11:38","guid":{"rendered":"https:\/\/websites.artecom.studio\/on-off\/?page_id=44"},"modified":"2022-04-21T14:34:14","modified_gmt":"2022-04-21T12:34:14","slug":"raconter-la-nuit","status":"publish","type":"page","link":"https:\/\/websites.artecom.studio\/on-off\/raconter-la-nuit\/","title":{"rendered":"RACONTER LA NUIT"},"content":{"rendered":"\n<figure class=\"wp-block-pullquote\"><blockquote><p>Des petites histoires de la Nuit \u00e0 travers divers t\u00e9moignages en tout genre ! Musiques, documentaires, podcasts : venez d\u00e9couvrir une multitude d&rsquo;acteurs raconter leur Nuit !<\/p><\/blockquote><\/figure>\n\n\n\n<div class=\"wp-block-image\"><figure class=\"aligncenter size-full\"><img loading=\"lazy\" decoding=\"async\" width=\"320\" height=\"318\" src=\"https:\/\/websites.artecom.studio\/on-off\/wp-content\/uploads\/sites\/2\/2022\/04\/Portrait-2.png\" alt=\"\" class=\"wp-image-893\" srcset=\"https:\/\/websites.artecom.studio\/on-off\/wp-content\/uploads\/sites\/2\/2022\/04\/Portrait-2.png 320w, https:\/\/websites.artecom.studio\/on-off\/wp-content\/uploads\/sites\/2\/2022\/04\/Portrait-2-300x298.png 300w, https:\/\/websites.artecom.studio\/on-off\/wp-content\/uploads\/sites\/2\/2022\/04\/Portrait-2-150x150.png 150w\" sizes=\"auto, (max-width: 320px) 100vw, 320px\" \/><\/figure><\/div>\n\n\n\n<hr class=\"wp-block-separator has-text-color has-background is-style-wide\" style=\"background-color:#070347;color:#070347\" \/>\n\n\n\n<p class=\"has-text-align-center\">Durant pr\u00e8s de deux ans, la crise sanitaire a mis \u00e0 mal la vie nocturne. Pendant pr\u00e8s de deux ans, elle a disparue. L&rsquo;impact de ce ph\u00e9nom\u00e8ne fut sans pr\u00e9c\u00e9dant sur le mental et le moral de la population. Il n&rsquo;est pas uniquement question des jeunes qui ne pouvaient plus aller en soir\u00e9e, il s&rsquo;agit de plus que cela. Mathieu Piscine, directeur artistique \u00e0 Marseille, t\u00e9moigne pour le webdocumentaire <em>SANS la NUIT<\/em>. Cette mini-s\u00e9rie avait pour objectif de mettre en lumi\u00e8re les acteurs de la nuit pendant d&rsquo;une p\u00e9riode o\u00f9 elle a \u00e9t\u00e9 inexistante. Mathieu Piscine nous raconte la Nuit  <\/p>\n\n\n\n<div class=\"wp-block-group\"><div class=\"wp-block-group__inner-container is-layout-flow wp-block-group-is-layout-flow\">\n<figure class=\"wp-block-embed is-type-video is-provider-youtube wp-block-embed-youtube wp-embed-aspect-16-9 wp-has-aspect-ratio\"><div class=\"wp-block-embed__wrapper\">\n<iframe loading=\"lazy\" title=\"SANS LA NUIT - Mathieu Piscione : directeur artistique\" width=\"1140\" height=\"641\" src=\"https:\/\/www.youtube.com\/embed\/0B2Y4CjVTZs?feature=oembed\" frameborder=\"0\" allow=\"accelerometer; autoplay; clipboard-write; encrypted-media; gyroscope; picture-in-picture\" allowfullscreen><\/iframe>\n<\/div><\/figure>\n<\/div><\/div>\n\n\n\n<hr class=\"wp-block-separator has-text-color has-background is-style-wide\" style=\"background-color:#0c0050;color:#0c0050\" \/>\n\n\n\n<p class=\"has-text-align-center\">Lous and the Yakuza, artiste \u00e9mergente sur la sc\u00e8ne francophone a t\u00e9moign\u00e9 d&rsquo;une agression sexuelle qu&rsquo;elle a subi dans la rue \u00e0&#8230; Quatre heures du matin. \u00c0 l&rsquo;occasion des Victoires de la Musique en 2021, elle lib\u00e8re sa parole avec \u00e9motion, force et soul. La chanson est disponible sur son premier album Gore, sorti le 16 octobre 2020.<\/p>\n\n\n\n<p><\/p>\n\n\n\n<figure class=\"wp-block-embed is-type-video is-provider-youtube wp-block-embed-youtube wp-embed-aspect-16-9 wp-has-aspect-ratio\"><div class=\"wp-block-embed__wrapper\">\n<iframe loading=\"lazy\" title=\"\u266b Lous and the Yakuza \u266b 4h du matin \u266b Live Victoires de la Musique 2021 \u266b S\u00e9lection Pisimusic\" width=\"1140\" height=\"641\" src=\"https:\/\/www.youtube.com\/embed\/kt2ramJlR_M?start=1&#038;feature=oembed\" frameborder=\"0\" allow=\"accelerometer; autoplay; clipboard-write; encrypted-media; gyroscope; picture-in-picture\" allowfullscreen><\/iframe>\n<\/div><\/figure>\n\n\n\n<hr class=\"wp-block-separator has-text-color has-background is-style-wide\" style=\"background-color:#070347;color:#070347\" \/>\n\n\n\n<p class=\"has-text-align-center\">R\u00e9trospective dans l&rsquo;\u00e9mission RETOUR VERS LE PASS\u00c9 : on retrace l&rsquo;histoire du monde de la nuit des bals populaires des ann\u00e9es 40 jusqu&rsquo;aux nuits endiabl\u00e9es des discoth\u00e8ques d&rsquo;aujourd&rsquo;hui. Prenez un th\u00e9, un chocolat chaud et assistez \u00e0 40 minutes d&rsquo;histoires, de souvenirs.<\/p>\n\n\n\n<figure class=\"wp-block-embed is-type-video is-provider-youtube wp-block-embed-youtube wp-embed-aspect-16-9 wp-has-aspect-ratio\"><div class=\"wp-block-embed__wrapper\">\n<iframe loading=\"lazy\" title=\"Le monde de la nuit d&#039;hier et d&#039;aujourd&#039;hui | Retour vers le pass\u00e9\" width=\"1140\" height=\"641\" src=\"https:\/\/www.youtube.com\/embed\/5JqeCExpv14?feature=oembed\" frameborder=\"0\" allow=\"accelerometer; autoplay; clipboard-write; encrypted-media; gyroscope; picture-in-picture\" allowfullscreen><\/iframe>\n<\/div><\/figure>\n\n\n\n<hr class=\"wp-block-separator has-text-color has-background is-style-wide\" style=\"background-color:#070347;color:#070347\" \/>\n\n\n\n<p class=\"has-text-align-center\">En 2020, le rappeur toulousain Laylow a sorti son album TRINITY qui a fait l&rsquo;objet d&rsquo;une bombe dans la paysage du rap fran\u00e7ais; nous amenant dans un monde haut en couleurs et en DIGITAL. DEHORS DANS LA NIGHT est la trace d&rsquo;un souvenir, d&rsquo;un moment douloureux, d&rsquo;une phase d&rsquo;introspection dans les ruelles sombres de Trinityville&#8230; Bonne \u00e9coute.<\/p>\n\n\n\n<figure class=\"wp-block-embed is-type-video is-provider-youtube wp-block-embed-youtube wp-embed-aspect-4-3 wp-has-aspect-ratio\"><div class=\"wp-block-embed__wrapper\">\n<iframe loading=\"lazy\" title=\"DEHORS DANS LA NIGHT\" width=\"1140\" height=\"855\" src=\"https:\/\/www.youtube.com\/embed\/hpTidiFWepc?feature=oembed\" frameborder=\"0\" allow=\"accelerometer; autoplay; clipboard-write; encrypted-media; gyroscope; picture-in-picture\" allowfullscreen><\/iframe>\n<\/div><\/figure>\n\n\n\n<hr class=\"wp-block-separator has-text-color has-background is-style-wide\" style=\"background-color:#070347;color:#070347\" \/>\n\n\n\n<p class=\"has-text-align-center\">La nuit, pendant que d&rsquo;autres dorment, des nouveaux \u00eatres se r\u00e9veillent&#8230; Arte a cr\u00e9e une suite de podcasts du nom de l&rsquo;Insomniaque et dans cette \u00e9pisode &lsquo;La premi\u00e8re nuit sur Terre&rsquo; nous \u00e9coutons en d\u00e9tail le processus d&rsquo;un accouchement&#8230; Bonne \u00e9coute !<\/p>\n\n\n\n<figure class=\"wp-block-embed is-type-video is-provider-youtube wp-block-embed-youtube wp-embed-aspect-16-9 wp-has-aspect-ratio\"><div class=\"wp-block-embed__wrapper\">\n<iframe loading=\"lazy\" title=\"La premi\u00e8re nuit sur Terre   | L&#039;Insomniaque (6) - ARTE Radio Podcasts\" width=\"1140\" height=\"641\" src=\"https:\/\/www.youtube.com\/embed\/iU_JdaTMn7M?feature=oembed\" frameborder=\"0\" allow=\"accelerometer; autoplay; clipboard-write; encrypted-media; gyroscope; picture-in-picture\" allowfullscreen><\/iframe>\n<\/div><\/figure>\n\n\n\n<hr class=\"wp-block-separator has-text-color has-background is-style-wide\" style=\"background-color:#070347;color:#070347\" \/>\n\n\n\n<p class=\"has-text-align-center\">Suprema est un jeune artiste bordelais dot\u00e9 d&rsquo;une plume authentique et poignante. Pour ce projet il a accept\u00e9 de nous concocter un po\u00e8me qui propose une all\u00e9gorie de la lune ainsi que des personnifications et une m\u00e9taphorisation de la nature. \u00c0 travers<em> Courant de lune<\/em> : pendant que l&rsquo;humanit\u00e9 dort (du moins pour la plupart), l&rsquo;immobile s&rsquo;anime. <\/p>\n\n\n\n<div class=\"wp-block-image\"><figure class=\"aligncenter size-large is-resized\"><img loading=\"lazy\" decoding=\"async\" src=\"https:\/\/websites.artecom.studio\/on-off\/wp-content\/uploads\/sites\/2\/2022\/04\/courant-de-lune-suprema-1024x1024.png\" alt=\"\" class=\"wp-image-714\" width=\"599\" height=\"599\" srcset=\"https:\/\/websites.artecom.studio\/on-off\/wp-content\/uploads\/sites\/2\/2022\/04\/courant-de-lune-suprema-1024x1024.png 1024w, https:\/\/websites.artecom.studio\/on-off\/wp-content\/uploads\/sites\/2\/2022\/04\/courant-de-lune-suprema-300x300.png 300w, https:\/\/websites.artecom.studio\/on-off\/wp-content\/uploads\/sites\/2\/2022\/04\/courant-de-lune-suprema-150x150.png 150w, https:\/\/websites.artecom.studio\/on-off\/wp-content\/uploads\/sites\/2\/2022\/04\/courant-de-lune-suprema-768x768.png 768w, https:\/\/websites.artecom.studio\/on-off\/wp-content\/uploads\/sites\/2\/2022\/04\/courant-de-lune-suprema-900x900.png 900w, https:\/\/websites.artecom.studio\/on-off\/wp-content\/uploads\/sites\/2\/2022\/04\/courant-de-lune-suprema-500x500.png 500w, https:\/\/websites.artecom.studio\/on-off\/wp-content\/uploads\/sites\/2\/2022\/04\/courant-de-lune-suprema.png 1080w\" sizes=\"auto, (max-width: 599px) 100vw, 599px\" \/><\/figure><\/div>\n\n\n\n<div class=\"wp-block-group\"><div class=\"wp-block-group__inner-container is-layout-flow wp-block-group-is-layout-flow\">\n<figure class=\"wp-block-audio\"><audio controls src=\"https:\/\/websites.artecom.studio\/on-off\/wp-content\/uploads\/sites\/2\/2022\/04\/COURANT-DE-LUNE-UN-TEXTE-DU-SUPREMA-1.mp3\"><\/audio><\/figure>\n<\/div><\/div>\n\n\n\n<blockquote class=\"wp-block-quote has-text-align-center is-layout-flow wp-block-quote-is-layout-flow\"><p>\u00c9clairant l\u2019all\u00e9e,&nbsp;<\/p><p>Les lampadaires pourtant fatigu\u00e9s&nbsp;<\/p><p>C\u2019est sans plus de bruit que ruisselle, la nuit.<\/p><p>Ruisselle la nuit,<\/p><p>Ruisselle la vie,<\/p><p>L\u2019eau qui a soif nombre de jeunes amis.<\/p><p>L\u2019air qui ass\u00e8che les mers.<\/p><p>Hors d\u2019elle, mais juste un corps \u00e0 suivre,<\/p><p>Beau, fier, mais finira par fuir.<\/p><p>L\u2019eden, un komorebi illuminant de nues dunes<\/p><p>L\u2019enfer, un simple courant de lune<\/p><p>Dans le chaos des antres festifs,<\/p><p>Elle coud son chemin,&nbsp;<\/p><p>Tombante loin vers la rue,<\/p><p>Courante (pour un rien) de Lune.<\/p><cite>SUPREMA<\/cite><\/blockquote>\n","protected":false},"excerpt":{"rendered":"<p>Des petites histoires de la Nuit \u00e0 travers divers t\u00e9moignages en tout genre ! Musiques, documentaires, podcasts : venez d\u00e9couvrir une multitude [&hellip;]<\/p>\n","protected":false},"author":11,"featured_media":0,"parent":0,"menu_order":0,"comment_status":"closed","ping_status":"closed","template":"","meta":{"advgb_blocks_editor_width":"","advgb_blocks_columns_visual_guide":"","footnotes":""},"class_list":{"0":"post-44","1":"page","2":"type-page","3":"status-publish","5":"col-md-6 col-sm-6"},"coauthors":[],"author_meta":{"author_link":"https:\/\/websites.artecom.studio\/on-off\/author\/cecile\/","display_name":"cecile"},"relative_dates":{"created":"Publi\u00e9 4 ans il y a","modified":"Mis \u00e0 jour 4 ans il y a"},"absolute_dates":{"created":"Publi\u00e9 le 30 mars 2022","modified":"Mise \u00e0 jour le 21 avril 2022"},"absolute_dates_time":{"created":"Publi\u00e9 le 30 mars 2022 15h11","modified":"Mise \u00e0 jour le 21 avril 2022 14h34"},"featured_img_caption":"","featured_img":false,"series_order":"","_links":{"self":[{"href":"https:\/\/websites.artecom.studio\/on-off\/wp-json\/wp\/v2\/pages\/44","targetHints":{"allow":["GET"]}}],"collection":[{"href":"https:\/\/websites.artecom.studio\/on-off\/wp-json\/wp\/v2\/pages"}],"about":[{"href":"https:\/\/websites.artecom.studio\/on-off\/wp-json\/wp\/v2\/types\/page"}],"author":[{"embeddable":true,"href":"https:\/\/websites.artecom.studio\/on-off\/wp-json\/wp\/v2\/users\/11"}],"replies":[{"embeddable":true,"href":"https:\/\/websites.artecom.studio\/on-off\/wp-json\/wp\/v2\/comments?post=44"}],"version-history":[{"count":48,"href":"https:\/\/websites.artecom.studio\/on-off\/wp-json\/wp\/v2\/pages\/44\/revisions"}],"predecessor-version":[{"id":923,"href":"https:\/\/websites.artecom.studio\/on-off\/wp-json\/wp\/v2\/pages\/44\/revisions\/923"}],"wp:attachment":[{"href":"https:\/\/websites.artecom.studio\/on-off\/wp-json\/wp\/v2\/media?parent=44"}],"curies":[{"name":"wp","href":"https:\/\/api.w.org\/{rel}","templated":true}]}}

<figure class="wp-block-pullquote"><blockquote><p>Des petites histoires de la Nuit à travers divers témoignages en tout genre ! Musiques, documentaires, podcasts : venez découvrir une multitude d&rsquo;acteurs raconter leur Nuit !</p></blockquote></figure>



<div class="wp-block-image"><figure class="aligncenter size-full"><img loading="lazy" decoding="async" width="320" height="318" src="https://websites.artecom.studio/on-off/wp-content/uploads/sites/2/2022/04/Portrait-2.png" alt="" class="wp-image-893" srcset="https://websites.artecom.studio/on-off/wp-content/uploads/sites/2/2022/04/Portrait-2.png 320w, https://websites.artecom.studio/on-off/wp-content/uploads/sites/2/2022/04/Portrait-2-300x298.png 300w, https://websites.artecom.studio/on-off/wp-content/uploads/sites/2/2022/04/Portrait-2-150x150.png 150w" sizes="auto, (max-width: 320px) 100vw, 320px" /></figure></div>



<hr class="wp-block-separator has-text-color has-background is-style-wide" style="background-color:#070347;color:#070347" />



<p class="has-text-align-center">Durant près de deux ans, la crise sanitaire a mis à mal la vie nocturne. Pendant près de deux ans, elle a disparue. L&rsquo;impact de ce phénomène fut sans précédant sur le mental et le moral de la population. Il n&rsquo;est pas uniquement question des jeunes qui ne pouvaient plus aller en soirée, il s&rsquo;agit de plus que cela. Mathieu Piscine, directeur artistique à Marseille, témoigne pour le webdocumentaire <em>SANS la NUIT</em>. Cette mini-série avait pour objectif de mettre en lumière les acteurs de la nuit pendant d&rsquo;une période où elle a été inexistante. Mathieu Piscine nous raconte la Nuit  </p>



<div class="wp-block-group"><div class="wp-block-group__inner-container is-layout-flow wp-block-group-is-layout-flow">
<figure class="wp-block-embed is-type-video is-provider-youtube wp-block-embed-youtube wp-embed-aspect-16-9 wp-has-aspect-ratio"><div class="wp-block-embed__wrapper">
<iframe loading="lazy" title="SANS LA NUIT - Mathieu Piscione : directeur artistique" width="1140" height="641" src="https://www.youtube.com/embed/0B2Y4CjVTZs?feature=oembed" frameborder="0" allow="accelerometer; autoplay; clipboard-write; encrypted-media; gyroscope; picture-in-picture" allowfullscreen></iframe>
</div></figure>
</div></div>



<hr class="wp-block-separator has-text-color has-background is-style-wide" style="background-color:#0c0050;color:#0c0050" />



<p class="has-text-align-center">Lous and the Yakuza, artiste émergente sur la scène francophone a témoigné d&rsquo;une agression sexuelle qu&rsquo;elle a subi dans la rue à&#8230; Quatre heures du matin. À l&rsquo;occasion des Victoires de la Musique en 2021, elle libère sa parole avec émotion, force et soul. La chanson est disponible sur son premier album Gore, sorti le 16 octobre 2020.</p>



<p></p>



<figure class="wp-block-embed is-type-video is-provider-youtube wp-block-embed-youtube wp-embed-aspect-16-9 wp-has-aspect-ratio"><div class="wp-block-embed__wrapper">
<iframe loading="lazy" title="♫ Lous and the Yakuza ♫ 4h du matin ♫ Live Victoires de la Musique 2021 ♫ Sélection Pisimusic" width="1140" height="641" src="https://www.youtube.com/embed/kt2ramJlR_M?start=1&#038;feature=oembed" frameborder="0" allow="accelerometer; autoplay; clipboard-write; encrypted-media; gyroscope; picture-in-picture" allowfullscreen></iframe>
</div></figure>



<hr class="wp-block-separator has-text-color has-background is-style-wide" style="background-color:#070347;color:#070347" />



<p class="has-text-align-center">Rétrospective dans l&rsquo;émission RETOUR VERS LE PASSÉ : on retrace l&rsquo;histoire du monde de la nuit des bals populaires des années 40 jusqu&rsquo;aux nuits endiablées des discothèques d&rsquo;aujourd&rsquo;hui. Prenez un thé, un chocolat chaud et assistez à 40 minutes d&rsquo;histoires, de souvenirs.</p>



<figure class="wp-block-embed is-type-video is-provider-youtube wp-block-embed-youtube wp-embed-aspect-16-9 wp-has-aspect-ratio"><div class="wp-block-embed__wrapper">
<iframe loading="lazy" title="Le monde de la nuit d&#039;hier et d&#039;aujourd&#039;hui | Retour vers le passé" width="1140" height="641" src="https://www.youtube.com/embed/5JqeCExpv14?feature=oembed" frameborder="0" allow="accelerometer; autoplay; clipboard-write; encrypted-media; gyroscope; picture-in-picture" allowfullscreen></iframe>
</div></figure>



<hr class="wp-block-separator has-text-color has-background is-style-wide" style="background-color:#070347;color:#070347" />



<p class="has-text-align-center">En 2020, le rappeur toulousain Laylow a sorti son album TRINITY qui a fait l&rsquo;objet d&rsquo;une bombe dans la paysage du rap français; nous amenant dans un monde haut en couleurs et en DIGITAL. DEHORS DANS LA NIGHT est la trace d&rsquo;un souvenir, d&rsquo;un moment douloureux, d&rsquo;une phase d&rsquo;introspection dans les ruelles sombres de Trinityville&#8230; Bonne écoute.</p>



<figure class="wp-block-embed is-type-video is-provider-youtube wp-block-embed-youtube wp-embed-aspect-4-3 wp-has-aspect-ratio"><div class="wp-block-embed__wrapper">
<iframe loading="lazy" title="DEHORS DANS LA NIGHT" width="1140" height="855" src="https://www.youtube.com/embed/hpTidiFWepc?feature=oembed" frameborder="0" allow="accelerometer; autoplay; clipboard-write; encrypted-media; gyroscope; picture-in-picture" allowfullscreen></iframe>
</div></figure>



<hr class="wp-block-separator has-text-color has-background is-style-wide" style="background-color:#070347;color:#070347" />



<p class="has-text-align-center">La nuit, pendant que d&rsquo;autres dorment, des nouveaux êtres se réveillent&#8230; Arte a crée une suite de podcasts du nom de l&rsquo;Insomniaque et dans cette épisode &lsquo;La première nuit sur Terre&rsquo; nous écoutons en détail le processus d&rsquo;un accouchement&#8230; Bonne écoute !</p>



<figure class="wp-block-embed is-type-video is-provider-youtube wp-block-embed-youtube wp-embed-aspect-16-9 wp-has-aspect-ratio"><div class="wp-block-embed__wrapper">
<iframe loading="lazy" title="La première nuit sur Terre   | L&#039;Insomniaque (6) - ARTE Radio Podcasts" width="1140" height="641" src="https://www.youtube.com/embed/iU_JdaTMn7M?feature=oembed" frameborder="0" allow="accelerometer; autoplay; clipboard-write; encrypted-media; gyroscope; picture-in-picture" allowfullscreen></iframe>
</div></figure>



<hr class="wp-block-separator has-text-color has-background is-style-wide" style="background-color:#070347;color:#070347" />



<p class="has-text-align-center">Suprema est un jeune artiste bordelais doté d&rsquo;une plume authentique et poignante. Pour ce projet il a accepté de nous concocter un poème qui propose une allégorie de la lune ainsi que des personnifications et une métaphorisation de la nature. À travers<em> Courant de lune</em> : pendant que l&rsquo;humanité dort (du moins pour la plupart), l&rsquo;immobile s&rsquo;anime. </p>



<div class="wp-block-image"><figure class="aligncenter size-large is-resized"><img loading="lazy" decoding="async" src="https://websites.artecom.studio/on-off/wp-content/uploads/sites/2/2022/04/courant-de-lune-suprema-1024x1024.png" alt="" class="wp-image-714" width="599" height="599" srcset="https://websites.artecom.studio/on-off/wp-content/uploads/sites/2/2022/04/courant-de-lune-suprema-1024x1024.png 1024w, https://websites.artecom.studio/on-off/wp-content/uploads/sites/2/2022/04/courant-de-lune-suprema-300x300.png 300w, https://websites.artecom.studio/on-off/wp-content/uploads/sites/2/2022/04/courant-de-lune-suprema-150x150.png 150w, https://websites.artecom.studio/on-off/wp-content/uploads/sites/2/2022/04/courant-de-lune-suprema-768x768.png 768w, https://websites.artecom.studio/on-off/wp-content/uploads/sites/2/2022/04/courant-de-lune-suprema-900x900.png 900w, https://websites.artecom.studio/on-off/wp-content/uploads/sites/2/2022/04/courant-de-lune-suprema-500x500.png 500w, https://websites.artecom.studio/on-off/wp-content/uploads/sites/2/2022/04/courant-de-lune-suprema.png 1080w" sizes="auto, (max-width: 599px) 100vw, 599px" /></figure></div>



<div class="wp-block-group"><div class="wp-block-group__inner-container is-layout-flow wp-block-group-is-layout-flow">
<figure class="wp-block-audio"><audio controls src="https://websites.artecom.studio/on-off/wp-content/uploads/sites/2/2022/04/COURANT-DE-LUNE-UN-TEXTE-DU-SUPREMA-1.mp3"></audio></figure>
</div></div>



<blockquote class="wp-block-quote has-text-align-center is-layout-flow wp-block-quote-is-layout-flow"><p>Éclairant l’allée,&nbsp;</p><p>Les lampadaires pourtant fatigués&nbsp;</p><p>C’est sans plus de bruit que ruisselle, la nuit.</p><p>Ruisselle la nuit,</p><p>Ruisselle la vie,</p><p>L’eau qui a soif nombre de jeunes amis.</p><p>L’air qui assèche les mers.</p><p>Hors d’elle, mais juste un corps à suivre,</p><p>Beau, fier, mais finira par fuir.</p><p>L’eden, un komorebi illuminant de nues dunes</p><p>L’enfer, un simple courant de lune</p><p>Dans le chaos des antres festifs,</p><p>Elle coud son chemin,&nbsp;</p><p>Tombante loin vers la rue,</p><p>Courante (pour un rien) de Lune.</p><cite>SUPREMA</cite></blockquote>

<p>Des petites histoires de la Nuit à travers divers témoignages en tout genre ! Musiques, documentaires, podcasts : venez découvrir une multitude [&hellip;]</p>

Publié 4 ans il y a

Mis à jour 4 ans il y a

Publié le 30 mars 2022

Mise à jour le 21 avril 2022

Publié le 30 mars 2022 15h11

Mise à jour le 21 avril 2022 14h34
